{"id":841,"date":"2024-04-09T14:49:53","date_gmt":"2024-04-09T12:49:53","guid":{"rendered":"https:\/\/www.agendadesfestivals.occitanie-films.fr\/?post_type=mec-events&#038;p=841"},"modified":"2025-04-24T10:19:05","modified_gmt":"2025-04-24T08:19:05","slug":"festival-de-cinema-de-gramat","status":"publish","type":"mec-events","link":"https:\/\/www.agendadesfestivals.occitanie-films.fr\/index.php\/events\/festival-de-cinema-de-gramat\/","title":{"rendered":"Festival de cin\u00e9ma de Gramat"},"content":{"rendered":"<div dir=\"auto\">\n<div>ANNULATION DU FESTIVAL POUR CETTE EDITION 2025<\/div>\n<div><\/div>\n<div><\/div>\n<div>La quatri\u00e8me \u00e9dition du <strong>Festival de Cin\u00e9ma de Gramat<\/strong>, qui se tiendra du <strong>21 au 25 mai 2025<\/strong>, p\u00e9rennise la th\u00e9matique des adaptations litt\u00e9raires au cin\u00e9ma. Gramat dispose d&rsquo;un <strong>complexe culturel municipal compos\u00e9 d&rsquo;un cin\u00e9ma, d&rsquo;une m\u00e9diath\u00e8que et d&rsquo;une Micro-Folie.<\/strong><\/div>\n<div class=\"default-style\"><\/div>\n<div>Cette ann\u00e9e le festival aura l&rsquo;honneur d&rsquo;accueillir de nombreux invit\u00e9s. \u00c9lus, personnel municipal, rattach\u00e9s \u00e0 la culture et \u00e0 la jeunesse, et citoyens sont \u00e0 l&rsquo;initiative du Festival de Cin\u00e9ma de Gramat n\u00e9 en mai 2022. L&rsquo;objectif premier \u00e9tait de cr\u00e9er un \u00e9v\u00e9nement municipal pour promouvoir la culture et plus particuli\u00e8rement la culture cin\u00e9matographique sur le territoire. A l&rsquo;occasion de cette nouvelle \u00e9dition, une programmation \u00e9clectique d&rsquo;une douzaine de films \u00e0 destination de tous les publics est pr\u00e9sent\u00e9e.<\/div>\n<div><\/div>\n<\/div>\n<div>Parall\u00e8lement aux projections, des cin\u00e9-d\u00e9bats, des animations autour du cin\u00e9ma ou encore des actions en lien avec le groupe scolaire public sont propos\u00e9s dans un environnement festif.<\/div>\n<div dir=\"auto\"><\/div>\n<div dir=\"auto\">\uff5c<strong>Site internet<\/strong>\uff5c<a href=\"https:\/\/www.gramat.fr\/vivre-a-gramat\/cinema\/festival-de-cinema\">Festival de cin\u00e9ma de Gramat<\/a>\uff5c<br \/>\n\uff5c<strong>Programme<\/strong>\uff5c<a href=\"https:\/\/www.gramat.fr\/vivre-a-gramat\/cinema\/festival-de-cinema\/edition-2025\">4e \u00e9dition<\/a>\uff5c<\/div>\n","protected":false},"excerpt":{"rendered":"<p>ANNULATION DU FESTIVAL POUR CETTE EDITION 2025 La quatri\u00e8me \u00e9dition du Festival de Cin\u00e9ma de Gramat, qui se tiendra du 21 au 25 mai 2025, p\u00e9rennise la th\u00e9matique des adaptations [&hellip;]<\/p>\n","protected":false},"author":1,"featured_media":11656,"template":"","meta":{"site-sidebar-layout":"default","site-content-layout":"default","ast-site-content-layout":"default","site-content-style":"default","site-sidebar-style":"default","ast-global-header-display":"","ast-banner-title-visibility":"","ast-main-header-display":"","ast-hfb-above-header-display":"","ast-hfb-below-header-display":"","ast-hfb-mobile-header-display":"","site-post-title":"","ast-breadcrumbs-content":"","ast-featured-img":"","footer-sml-layout":"","ast-disable-related-posts":"","theme-transparent-header-meta":"default","adv-header-id-meta":"","stick-header-meta":"","header-above-stick-meta":"","header-main-stick-meta":"","header-below-stick-meta":"","astra-migrate-meta-layouts":"set","ast-page-background-enabled":"default","ast-page-background-meta":{"desktop":{"background-color":"var(--ast-global-color-4)","background-image":"","background-repeat":"repeat","background-position":"center center","background-size":"auto","background-attachment":"scroll","background-type":"","background-media":"","overlay-type":"","overlay-color":"","overlay-opacity":"","overlay-gradient":""},"tablet":{"background-color":"","background-image":"","background-repeat":"repeat","background-position":"center center","background-size":"auto","background-attachment":"scroll","background-type":"","background-media":"","overlay-type":"","overlay-color":"","overlay-opacity":"","overlay-gradient":""},"mobile":{"background-color":"","background-image":"","background-repeat":"repeat","background-position":"center center","background-size":"auto","background-attachment":"scroll","background-type":"","background-media":"","overlay-type":"","overlay-color":"","overlay-opacity":"","overlay-gradient":""}},"ast-content-background-meta":{"desktop":{"background-color":"var(--ast-global-color-5)","background-image":"","background-repeat":"repeat","background-position":"center center","background-size":"auto","background-attachment":"scroll","background-type":"","background-media":"","overlay-type":"","overlay-color":"","overlay-opacity":"","overlay-gradient":""},"tablet":{"background-color":"var(--ast-global-color-5)","background-image":"","background-repeat":"repeat","background-position":"center center","background-size":"auto","background-attachment":"scroll","background-type":"","background-media":"","overlay-type":"","overlay-color":"","overlay-opacity":"","overlay-gradient":""},"mobile":{"background-color":"var(--ast-global-color-5)","background-image":"","background-repeat":"repeat","background-position":"center center","background-size":"auto","background-attachment":"scroll","background-type":"","background-media":"","overlay-type":"","overlay-color":"","overlay-opacity":"","overlay-gradient":""}},"_EventAllDay":false,"_EventTimezone":"","_EventStartDate":"","_EventEndDate":"","_EventStartDateUTC":"","_EventEndDateUTC":"","_EventShowMap":false,"_EventShowMapLink":false,"_EventURL":"","_EventCost":"","_EventCostDescription":"","_EventCurrencySymbol":"","_EventCurrencyCode":"","_EventCurrencyPosition":"","_EventDateTimeSeparator":"","_EventTimeRangeSeparator":"","_EventOrganizerID":[],"_EventVenueID":[],"_OrganizerEmail":"","_OrganizerPhone":"","_OrganizerWebsite":"","_VenueAddress":"","_VenueCity":"","_VenueCountry":"","_VenueProvince":"","_VenueState":"","_VenueZip":"","_VenuePhone":"","_VenueURL":"","_VenueStateProvince":"","_VenueLat":"","_VenueLng":"","_VenueShowMap":false,"_VenueShowMapLink":false},"tags":[],"mec_category":[12],"class_list":["post-841","mec-events","type-mec-events","status-publish","has-post-thumbnail","hentry","mec_category-le-lot-46"],"_links":{"self":[{"href":"https:\/\/www.agendadesfestivals.occitanie-films.fr\/index.php\/wp-json\/wp\/v2\/mec-events\/841","targetHints":{"allow":["GET"]}}],"collection":[{"href":"https:\/\/www.agendadesfestivals.occitanie-films.fr\/index.php\/wp-json\/wp\/v2\/mec-events"}],"about":[{"href":"https:\/\/www.agendadesfestivals.occitanie-films.fr\/index.php\/wp-json\/wp\/v2\/types\/mec-events"}],"author":[{"embeddable":true,"href":"https:\/\/www.agendadesfestivals.occitanie-films.fr\/index.php\/wp-json\/wp\/v2\/users\/1"}],"wp:featuredmedia":[{"embeddable":true,"href":"https:\/\/www.agendadesfestivals.occitanie-films.fr\/index.php\/wp-json\/wp\/v2\/media\/11656"}],"wp:attachment":[{"href":"https:\/\/www.agendadesfestivals.occitanie-films.fr\/index.php\/wp-json\/wp\/v2\/media?parent=841"}],"wp:term":[{"taxonomy":"post_tag","embeddable":true,"href":"https:\/\/www.agendadesfestivals.occitanie-films.fr\/index.php\/wp-json\/wp\/v2\/tags?post=841"},{"taxonomy":"mec_category","embeddable":true,"href":"https:\/\/www.agendadesfestivals.occitanie-films.fr\/index.php\/wp-json\/wp\/v2\/mec_category?post=841"}],"curies":[{"name":"wp","href":"https:\/\/api.w.org\/{rel}","templated":true}]}}

Festival de cinéma de Gramat

<div dir="auto">
<div>ANNULATION DU FESTIVAL POUR CETTE EDITION 2025</div>
<div></div>
<div></div>
<div>La quatrième édition du <strong>Festival de Cinéma de Gramat</strong>, qui se tiendra du <strong>21 au 25 mai 2025</strong>, pérennise la thématique des adaptations littéraires au cinéma. Gramat dispose d&rsquo;un <strong>complexe culturel municipal composé d&rsquo;un cinéma, d&rsquo;une médiathèque et d&rsquo;une Micro-Folie.</strong></div>
<div class="default-style"></div>
<div>Cette année le festival aura l&rsquo;honneur d&rsquo;accueillir de nombreux invités. Élus, personnel municipal, rattachés à la culture et à la jeunesse, et citoyens sont à l&rsquo;initiative du Festival de Cinéma de Gramat né en mai 2022. L&rsquo;objectif premier était de créer un événement municipal pour promouvoir la culture et plus particulièrement la culture cinématographique sur le territoire. A l&rsquo;occasion de cette nouvelle édition, une programmation éclectique d&rsquo;une douzaine de films à destination de tous les publics est présentée.</div>
<div></div>
</div>
<div>Parallèlement aux projections, des ciné-débats, des animations autour du cinéma ou encore des actions en lien avec le groupe scolaire public sont proposés dans un environnement festif.</div>
<div dir="auto"></div>
<div dir="auto">｜<strong>Site internet</strong>｜<a href="https://www.gramat.fr/vivre-a-gramat/cinema/festival-de-cinema">Festival de cinéma de Gramat</a>｜<br />
｜<strong>Programme</strong>｜<a href="https://www.gramat.fr/vivre-a-gramat/cinema/festival-de-cinema/edition-2025">4e édition</a>｜</div>

<p>ANNULATION DU FESTIVAL POUR CETTE EDITION 2025 La quatrième édition du Festival de Cinéma de Gramat, qui se tiendra du 21 au 25 mai 2025, pérennise la thématique des adaptations [&hellip;]</p>
