{"id":819,"date":"2024-02-06T10:38:35","date_gmt":"2024-02-06T09:38:35","guid":{"rendered":"https:\/\/www.agendadesfestivals.occitanie-films.fr\/?post_type=mec-events&#038;p=819"},"modified":"2025-09-15T09:42:24","modified_gmt":"2025-09-15T07:42:24","slug":"festival-breves-dimages","status":"publish","type":"mec-events","link":"https:\/\/www.agendadesfestivals.occitanie-films.fr\/index.php\/events\/festival-breves-dimages\/","title":{"rendered":"Festival Br\u00e8ves d&rsquo;Images"},"content":{"rendered":"<p>La <strong>13\u00e8me \u00e9dition de \u201cBr\u00e8ves d\u2019Images\u201c aura lieu du 1er juin au 14\u00a0 juin 2025 <\/strong>\u00e0 Quint- Fonsegrives en R\u00e9gion Occitanie.<\/p>\n<p>Le Festival International du Court M\u00e9trage de la Jeunesse Francophone \u2013 Br\u00e8ves d\u2019Images vise \u00e0 promouvoir la langue fran\u00e7aise, encourager la diversit\u00e9 culturelle, et offre aux jeunes de 3 \u00e0 22 ans l&rsquo;opportunit\u00e9 de devenir des cin\u00e9astes en herbe.<\/p>\n<p>Le festival propose une exposition sur les coulisses du film d&rsquo;animation PIL, un Cin\u00e9-rencontre : projection du film PIL &amp; rencontre avec TAT Productions, Projections scolaires, les ateliers Pr\u00e9-cin\u00e9ma : aux origines de l&rsquo;image anim\u00e9e et une c\u00e9r\u00e9monie \/ remise des prix.<\/p>\n<p><strong>\uff5cSite internet\uff5c<\/strong><a href=\"https:\/\/www.quint-fonsegrives.fr\/culture\/breves-d-images-2020-appel-a-film\/presentation-du-festival\/\">Festival Br\u00e8ves d&rsquo;Images<\/a> \u00a0<strong>\uff5c<br \/>\n\uff5cProgramme\uff5c<\/strong><a href=\"https:\/\/www.quint-fonsegrives.fr\/culture\/breves-d-images-2020-appel-a-film\/appel-a-films-festival-breves-dimages\/\"> 13e \u00e9dition<\/a><strong>\uff5c<br \/>\n\uff5cInstagram\uff5c<\/strong><a href=\"https:\/\/www.instagram.com\/brevesdimages_festival\/\">Festival Br\u00e8ves d&rsquo;Images<\/a> \u00a0<strong>\uff5c<br \/>\n\uff5cFacebook\uff5c<\/strong><a href=\"https:\/\/www.facebook.com\/breves.d.images\">Festival Br\u00e8ves d&rsquo;Images<\/a> <strong>\uff5c<\/strong><\/p>\n<p>&nbsp;<\/p>\n","protected":false},"excerpt":{"rendered":"<p>La 13\u00e8me \u00e9dition de \u201cBr\u00e8ves d\u2019Images\u201c aura lieu du 1er juin au 14\u00a0 juin 2025 \u00e0 Quint- Fonsegrives en R\u00e9gion Occitanie. Le Festival International du Court M\u00e9trage de la Jeunesse [&hellip;]<\/p>\n","protected":false},"author":1,"featured_media":11661,"template":"","meta":{"site-sidebar-layout":"default","site-content-layout":"default","ast-site-content-layout":"default","site-content-style":"default","site-sidebar-style":"default","ast-global-header-display":"","ast-banner-title-visibility":"","ast-main-header-display":"","ast-hfb-above-header-display":"","ast-hfb-below-header-display":"","ast-hfb-mobile-header-display":"","site-post-title":"","ast-breadcrumbs-content":"","ast-featured-img":"","footer-sml-layout":"","ast-disable-related-posts":"","theme-transparent-header-meta":"default","adv-header-id-meta":"","stick-header-meta":"","header-above-stick-meta":"","header-main-stick-meta":"","header-below-stick-meta":"","astra-migrate-meta-layouts":"set","ast-page-background-enabled":"default","ast-page-background-meta":{"desktop":{"background-color":"var(--ast-global-color-4)","background-image":"","background-repeat":"repeat","background-position":"center center","background-size":"auto","background-attachment":"scroll","background-type":"","background-media":"","overlay-type":"","overlay-color":"","overlay-opacity":"","overlay-gradient":""},"tablet":{"background-color":"","background-image":"","background-repeat":"repeat","background-position":"center center","background-size":"auto","background-attachment":"scroll","background-type":"","background-media":"","overlay-type":"","overlay-color":"","overlay-opacity":"","overlay-gradient":""},"mobile":{"background-color":"","background-image":"","background-repeat":"repeat","background-position":"center center","background-size":"auto","background-attachment":"scroll","background-type":"","background-media":"","overlay-type":"","overlay-color":"","overlay-opacity":"","overlay-gradient":""}},"ast-content-background-meta":{"desktop":{"background-color":"var(--ast-global-color-5)","background-image":"","background-repeat":"repeat","background-position":"center center","background-size":"auto","background-attachment":"scroll","background-type":"","background-media":"","overlay-type":"","overlay-color":"","overlay-opacity":"","overlay-gradient":""},"tablet":{"background-color":"var(--ast-global-color-5)","background-image":"","background-repeat":"repeat","background-position":"center center","background-size":"auto","background-attachment":"scroll","background-type":"","background-media":"","overlay-type":"","overlay-color":"","overlay-opacity":"","overlay-gradient":""},"mobile":{"background-color":"var(--ast-global-color-5)","background-image":"","background-repeat":"repeat","background-position":"center center","background-size":"auto","background-attachment":"scroll","background-type":"","background-media":"","overlay-type":"","overlay-color":"","overlay-opacity":"","overlay-gradient":""}},"_EventAllDay":false,"_EventTimezone":"","_EventStartDate":"","_EventEndDate":"","_EventStartDateUTC":"","_EventEndDateUTC":"","_EventShowMap":false,"_EventShowMapLink":false,"_EventURL":"","_EventCost":"","_EventCostDescription":"","_EventCurrencySymbol":"","_EventCurrencyCode":"","_EventCurrencyPosition":"","_EventDateTimeSeparator":"","_EventTimeRangeSeparator":"","_EventOrganizerID":[],"_EventVenueID":[],"_OrganizerEmail":"","_OrganizerPhone":"","_OrganizerWebsite":"","_VenueAddress":"","_VenueCity":"","_VenueCountry":"","_VenueProvince":"","_VenueState":"","_VenueZip":"","_VenuePhone":"","_VenueURL":"","_VenueStateProvince":"","_VenueLat":"","_VenueLng":"","_VenueShowMap":false,"_VenueShowMapLink":false},"tags":[],"mec_category":[34,10],"class_list":["post-819","mec-events","type-mec-events","status-publish","has-post-thumbnail","hentry","mec_category-agenda-des-festivals","mec_category-la-haute-garonne-31"],"_links":{"self":[{"href":"https:\/\/www.agendadesfestivals.occitanie-films.fr\/index.php\/wp-json\/wp\/v2\/mec-events\/819","targetHints":{"allow":["GET"]}}],"collection":[{"href":"https:\/\/www.agendadesfestivals.occitanie-films.fr\/index.php\/wp-json\/wp\/v2\/mec-events"}],"about":[{"href":"https:\/\/www.agendadesfestivals.occitanie-films.fr\/index.php\/wp-json\/wp\/v2\/types\/mec-events"}],"author":[{"embeddable":true,"href":"https:\/\/www.agendadesfestivals.occitanie-films.fr\/index.php\/wp-json\/wp\/v2\/users\/1"}],"wp:featuredmedia":[{"embeddable":true,"href":"https:\/\/www.agendadesfestivals.occitanie-films.fr\/index.php\/wp-json\/wp\/v2\/media\/11661"}],"wp:attachment":[{"href":"https:\/\/www.agendadesfestivals.occitanie-films.fr\/index.php\/wp-json\/wp\/v2\/media?parent=819"}],"wp:term":[{"taxonomy":"post_tag","embeddable":true,"href":"https:\/\/www.agendadesfestivals.occitanie-films.fr\/index.php\/wp-json\/wp\/v2\/tags?post=819"},{"taxonomy":"mec_category","embeddable":true,"href":"https:\/\/www.agendadesfestivals.occitanie-films.fr\/index.php\/wp-json\/wp\/v2\/mec_category?post=819"}],"curies":[{"name":"wp","href":"https:\/\/api.w.org\/{rel}","templated":true}]}}

Festival Brèves d&rsquo;Images

<p>La <strong>13ème édition de “Brèves d’Images“ aura lieu du 1er juin au 14  juin 2025 </strong>à Quint- Fonsegrives en Région Occitanie.</p>
<p>Le Festival International du Court Métrage de la Jeunesse Francophone – Brèves d’Images vise à promouvoir la langue française, encourager la diversité culturelle, et offre aux jeunes de 3 à 22 ans l&rsquo;opportunité de devenir des cinéastes en herbe.</p>
<p>Le festival propose une exposition sur les coulisses du film d&rsquo;animation PIL, un Ciné-rencontre : projection du film PIL &amp; rencontre avec TAT Productions, Projections scolaires, les ateliers Pré-cinéma : aux origines de l&rsquo;image animée et une cérémonie / remise des prix.</p>
<p><strong>｜Site internet｜</strong><a href="https://www.quint-fonsegrives.fr/culture/breves-d-images-2020-appel-a-film/presentation-du-festival/">Festival Brèves d&rsquo;Images</a>  <strong>｜<br />
｜Programme｜</strong><a href="https://www.quint-fonsegrives.fr/culture/breves-d-images-2020-appel-a-film/appel-a-films-festival-breves-dimages/"> 13e édition</a><strong>｜<br />
｜Instagram｜</strong><a href="https://www.instagram.com/brevesdimages_festival/">Festival Brèves d&rsquo;Images</a>  <strong>｜<br />
｜Facebook｜</strong><a href="https://www.facebook.com/breves.d.images">Festival Brèves d&rsquo;Images</a> <strong>｜</strong></p>
<p>&nbsp;</p>

<p>La 13ème édition de “Brèves d’Images“ aura lieu du 1er juin au 14  juin 2025 à Quint- Fonsegrives en Région Occitanie. Le Festival International du Court Métrage de la Jeunesse [&hellip;]</p>
