{"id":720,"date":"2023-03-20T16:31:53","date_gmt":"2023-03-20T15:31:53","guid":{"rendered":"https:\/\/www.agendadesfestivals.occitanie-films.fr\/?post_type=mec-events&#038;p=720"},"modified":"2025-03-24T11:23:44","modified_gmt":"2025-03-24T10:23:44","slug":"ecran-libre-festival-international-du-court-metrage-2","status":"publish","type":"mec-events","link":"https:\/\/www.agendadesfestivals.occitanie-films.fr\/index.php\/events\/ecran-libre-festival-international-du-court-metrage-2\/","title":{"rendered":"\u00c9cran libre &#8211; Festival International du Court M\u00e9trage"},"content":{"rendered":"<p>Organis\u00e9 par l&rsquo;association <strong>Grand<\/strong> <strong>\u00c9cran<\/strong> <strong>Pour<\/strong> <strong>Tous<\/strong>, le festival <strong>\u00c9cran<\/strong> <strong>Libre<\/strong> est d\u00e9di\u00e9 au court-m\u00e9trage. Ouvert au cin\u00e9ma et \u00e0 la vid\u00e9o le festival propose une programmation riche en court m\u00e9trage. Le jury est compos\u00e9 de personnalit\u00e9s et de professionnels de la production et de l&rsquo;exploitation cin\u00e9matographique. Les oeuvres s\u00e9lectionn\u00e9es seront projet\u00e9es au cin\u00e9ma Marcel Pagnol \u00e0 Aigues-Mortes.<\/p>\n<p><strong>L\u2019\u00e9dition de 2025 aura lieu du 7 au 9 novembre.<\/strong><\/p>\n<p>&nbsp;<\/p>\n<p>\uff5c<strong>Site internet<\/strong>\uff5c<a href=\"http:\/\/cineclub-aiguesmortes.fr\/fr\/25916c60_0062_4326_9594_f2ac2af75c45.html\">\u00c9cran libre &#8211; Festival International du Court M\u00e9trage<\/a>\uff5c<br \/>\n\uff5c<strong>Programme<\/strong>\uff5c<a href=\"http:\/\/cineclub-aiguesmortes.fr\/fr\/25916c60_0062_4326_9594_f2ac2af75c45.html\">29e \u00e9dition<\/a>\uff5c<br \/>\n\uff5c<strong>Instagram<\/strong>\uff5c<a href=\"https:\/\/www.instagram.com\/grandecranpourtous30\/\">\u00c9cran libre &#8211; Festival International du Court M\u00e9trage\uff5c<\/a><br \/>\n\uff5c<strong>Facebook<\/strong>\uff5c<a href=\"https:\/\/www.facebook.com\/profile.php?id=100067785033504&amp;ref=page_internal#\">\u00c9cran libre &#8211; Festival International du Court M\u00e9trage<\/a>\uff5c<\/p>\n","protected":false},"excerpt":{"rendered":"<p>Organis\u00e9 par l&rsquo;association Grand \u00c9cran Pour Tous, le festival \u00c9cran Libre est d\u00e9di\u00e9 au court-m\u00e9trage. Ouvert au cin\u00e9ma et \u00e0 la vid\u00e9o le festival propose une programmation riche en court [&hellip;]<\/p>\n","protected":false},"author":1,"featured_media":11594,"template":"","meta":{"site-sidebar-layout":"default","site-content-layout":"default","ast-site-content-layout":"default","site-content-style":"default","site-sidebar-style":"default","ast-global-header-display":"","ast-banner-title-visibility":"","ast-main-header-display":"","ast-hfb-above-header-display":"","ast-hfb-below-header-display":"","ast-hfb-mobile-header-display":"","site-post-title":"","ast-breadcrumbs-content":"","ast-featured-img":"","footer-sml-layout":"","ast-disable-related-posts":"","theme-transparent-header-meta":"default","adv-header-id-meta":"","stick-header-meta":"","header-above-stick-meta":"","header-main-stick-meta":"","header-below-stick-meta":"","astra-migrate-meta-layouts":"set","ast-page-background-enabled":"default","ast-page-background-meta":{"desktop":{"background-color":"var(--ast-global-color-4)","background-image":"","background-repeat":"repeat","background-position":"center center","background-size":"auto","background-attachment":"scroll","background-type":"","background-media":"","overlay-type":"","overlay-color":"","overlay-opacity":"","overlay-gradient":""},"tablet":{"background-color":"","background-image":"","background-repeat":"repeat","background-position":"center center","background-size":"auto","background-attachment":"scroll","background-type":"","background-media":"","overlay-type":"","overlay-color":"","overlay-opacity":"","overlay-gradient":""},"mobile":{"background-color":"","background-image":"","background-repeat":"repeat","background-position":"center center","background-size":"auto","background-attachment":"scroll","background-type":"","background-media":"","overlay-type":"","overlay-color":"","overlay-opacity":"","overlay-gradient":""}},"ast-content-background-meta":{"desktop":{"background-color":"var(--ast-global-color-5)","background-image":"","background-repeat":"repeat","background-position":"center center","background-size":"auto","background-attachment":"scroll","background-type":"","background-media":"","overlay-type":"","overlay-color":"","overlay-opacity":"","overlay-gradient":""},"tablet":{"background-color":"var(--ast-global-color-5)","background-image":"","background-repeat":"repeat","background-position":"center center","background-size":"auto","background-attachment":"scroll","background-type":"","background-media":"","overlay-type":"","overlay-color":"","overlay-opacity":"","overlay-gradient":""},"mobile":{"background-color":"var(--ast-global-color-5)","background-image":"","background-repeat":"repeat","background-position":"center center","background-size":"auto","background-attachment":"scroll","background-type":"","background-media":"","overlay-type":"","overlay-color":"","overlay-opacity":"","overlay-gradient":""}},"_EventAllDay":false,"_EventTimezone":"","_EventStartDate":"","_EventEndDate":"","_EventStartDateUTC":"","_EventEndDateUTC":"","_EventShowMap":false,"_EventShowMapLink":false,"_EventURL":"","_EventCost":"","_EventCostDescription":"","_EventCurrencySymbol":"","_EventCurrencyCode":"","_EventCurrencyPosition":"","_EventDateTimeSeparator":"","_EventTimeRangeSeparator":"","_EventOrganizerID":[],"_EventVenueID":[],"_OrganizerEmail":"","_OrganizerPhone":"","_OrganizerWebsite":"","_VenueAddress":"","_VenueCity":"","_VenueCountry":"","_VenueProvince":"","_VenueState":"","_VenueZip":"","_VenuePhone":"","_VenueURL":"","_VenueStateProvince":"","_VenueLat":"","_VenueLng":"","_VenueShowMap":false,"_VenueShowMapLink":false},"tags":[],"mec_category":[9],"class_list":["post-720","mec-events","type-mec-events","status-publish","has-post-thumbnail","hentry","mec_category-le-gard-30"],"_links":{"self":[{"href":"https:\/\/www.agendadesfestivals.occitanie-films.fr\/index.php\/wp-json\/wp\/v2\/mec-events\/720","targetHints":{"allow":["GET"]}}],"collection":[{"href":"https:\/\/www.agendadesfestivals.occitanie-films.fr\/index.php\/wp-json\/wp\/v2\/mec-events"}],"about":[{"href":"https:\/\/www.agendadesfestivals.occitanie-films.fr\/index.php\/wp-json\/wp\/v2\/types\/mec-events"}],"author":[{"embeddable":true,"href":"https:\/\/www.agendadesfestivals.occitanie-films.fr\/index.php\/wp-json\/wp\/v2\/users\/1"}],"wp:featuredmedia":[{"embeddable":true,"href":"https:\/\/www.agendadesfestivals.occitanie-films.fr\/index.php\/wp-json\/wp\/v2\/media\/11594"}],"wp:attachment":[{"href":"https:\/\/www.agendadesfestivals.occitanie-films.fr\/index.php\/wp-json\/wp\/v2\/media?parent=720"}],"wp:term":[{"taxonomy":"post_tag","embeddable":true,"href":"https:\/\/www.agendadesfestivals.occitanie-films.fr\/index.php\/wp-json\/wp\/v2\/tags?post=720"},{"taxonomy":"mec_category","embeddable":true,"href":"https:\/\/www.agendadesfestivals.occitanie-films.fr\/index.php\/wp-json\/wp\/v2\/mec_category?post=720"}],"curies":[{"name":"wp","href":"https:\/\/api.w.org\/{rel}","templated":true}]}}

Écran libre &#8211; Festival International du Court Métrage

<p>Organisé par l&rsquo;association <strong>Grand</strong> <strong>Écran</strong> <strong>Pour</strong> <strong>Tous</strong>, le festival <strong>Écran</strong> <strong>Libre</strong> est dédié au court-métrage. Ouvert au cinéma et à la vidéo le festival propose une programmation riche en court métrage. Le jury est composé de personnalités et de professionnels de la production et de l&rsquo;exploitation cinématographique. Les oeuvres sélectionnées seront projetées au cinéma Marcel Pagnol à Aigues-Mortes.</p>
<p><strong>L’édition de 2025 aura lieu du 7 au 9 novembre.</strong></p>
<p>&nbsp;</p>
<p>｜<strong>Site internet</strong>｜<a href="http://cineclub-aiguesmortes.fr/fr/25916c60_0062_4326_9594_f2ac2af75c45.html">Écran libre &#8211; Festival International du Court Métrage</a>｜<br />
｜<strong>Programme</strong>｜<a href="http://cineclub-aiguesmortes.fr/fr/25916c60_0062_4326_9594_f2ac2af75c45.html">29e édition</a>｜<br />
｜<strong>Instagram</strong>｜<a href="https://www.instagram.com/grandecranpourtous30/">Écran libre &#8211; Festival International du Court Métrage｜</a><br />
｜<strong>Facebook</strong>｜<a href="https://www.facebook.com/profile.php?id=100067785033504&amp;ref=page_internal#">Écran libre &#8211; Festival International du Court Métrage</a>｜</p>

<p>Organisé par l&rsquo;association Grand Écran Pour Tous, le festival Écran Libre est dédié au court-métrage. Ouvert au cinéma et à la vidéo le festival propose une programmation riche en court [&hellip;]</p>
