{"id":699,"date":"2023-03-20T15:00:32","date_gmt":"2023-03-20T14:00:32","guid":{"rendered":"https:\/\/www.agendadesfestivals.occitanie-films.fr\/?post_type=mec-events&#038;p=699"},"modified":"2025-07-16T14:30:55","modified_gmt":"2025-07-16T12:30:55","slug":"festival-du-film-insolite-de-rennes-le-chateau-2","status":"publish","type":"mec-events","link":"https:\/\/www.agendadesfestivals.occitanie-films.fr\/index.php\/events\/festival-du-film-insolite-de-rennes-le-chateau-2\/","title":{"rendered":"Festival du Film Insolite de Rennes-le-Ch\u00e2teau"},"content":{"rendered":"<p>Le Festival du Film Insolite, cr\u00e9\u00e9 en 2015 par les com\u00e9diens <b>Fanny Bastien<\/b> et <b>Geoffroy Thiebaut<\/b>, a pour but de partager des films autour de l\u2019insolite et de mettre en valeur le patrimoine culturel et la biodiversit\u00e9 de la Haute Vall\u00e9e de l&rsquo;Aude et du Limouxin.<\/p>\n<p>Pour sa 11e \u00e9dition, le festival met \u00e0 l&rsquo;honneur le min\u00e9ral et propose des projections de films, <em>master class<\/em>, tables rondes, expositions, concours de sc\u00e9narios, d\u00e9gustations locales, rencontres avec des artistes et personnalit\u00e9s de renom&#8230;<\/p>\n<p><strong>L\u2019\u00e9dition 2025 du festival du Film Insolite de Rennes-le-Ch\u00e2teau se d\u00e9roulera du 8 au 12 ao\u00fbt.<\/strong><\/p>\n<p><strong>\uff5cSite internet\uff5c<\/strong><a href=\"https:\/\/festivalfilminsoliterenneslechateau.fr\">Festival du Film Insolite<\/a><strong>\uff5c<br \/>\n\uff5cProgramme\uff5c<\/strong><a href=\"https:\/\/festivalfilminsoliterenneslechateau.fr\/programme-2025\/\">11e \u00e9dition<\/a><strong>\uff5c<br \/>\n\uff5cInstagram\uff5c<\/strong><a href=\"https:\/\/www.instagram.com\/festivalfilminsolite\/\">Festival du Film Insolite<\/a><strong>\uff5c<br \/>\n\uff5cFacebook\uff5c<\/strong><a href=\"https:\/\/www.facebook.com\/FestivalRennesLeChateau\">Festival du Film Insolite<\/a><strong>\uff5c<\/strong><\/p>\n<p>&nbsp;<\/p>\n","protected":false},"excerpt":{"rendered":"<p>Le Festival du Film Insolite, cr\u00e9\u00e9 en 2015 par les com\u00e9diens Fanny Bastien et Geoffroy Thiebaut, a pour but de partager des films autour de l\u2019insolite et de mettre en [&hellip;]<\/p>\n","protected":false},"author":1,"featured_media":11705,"template":"","meta":{"site-sidebar-layout":"default","site-content-layout":"default","ast-site-content-layout":"default","site-content-style":"default","site-sidebar-style":"default","ast-global-header-display":"","ast-banner-title-visibility":"","ast-main-header-display":"","ast-hfb-above-header-display":"","ast-hfb-below-header-display":"","ast-hfb-mobile-header-display":"","site-post-title":"","ast-breadcrumbs-content":"","ast-featured-img":"","footer-sml-layout":"","ast-disable-related-posts":"","theme-transparent-header-meta":"default","adv-header-id-meta":"","stick-header-meta":"","header-above-stick-meta":"","header-main-stick-meta":"","header-below-stick-meta":"","astra-migrate-meta-layouts":"set","ast-page-background-enabled":"default","ast-page-background-meta":{"desktop":{"background-color":"var(--ast-global-color-4)","background-image":"","background-repeat":"repeat","background-position":"center center","background-size":"auto","background-attachment":"scroll","background-type":"","background-media":"","overlay-type":"","overlay-color":"","overlay-opacity":"","overlay-gradient":""},"tablet":{"background-color":"","background-image":"","background-repeat":"repeat","background-position":"center center","background-size":"auto","background-attachment":"scroll","background-type":"","background-media":"","overlay-type":"","overlay-color":"","overlay-opacity":"","overlay-gradient":""},"mobile":{"background-color":"","background-image":"","background-repeat":"repeat","background-position":"center center","background-size":"auto","background-attachment":"scroll","background-type":"","background-media":"","overlay-type":"","overlay-color":"","overlay-opacity":"","overlay-gradient":""}},"ast-content-background-meta":{"desktop":{"background-color":"var(--ast-global-color-5)","background-image":"","background-repeat":"repeat","background-position":"center center","background-size":"auto","background-attachment":"scroll","background-type":"","background-media":"","overlay-type":"","overlay-color":"","overlay-opacity":"","overlay-gradient":""},"tablet":{"background-color":"var(--ast-global-color-5)","background-image":"","background-repeat":"repeat","background-position":"center center","background-size":"auto","background-attachment":"scroll","background-type":"","background-media":"","overlay-type":"","overlay-color":"","overlay-opacity":"","overlay-gradient":""},"mobile":{"background-color":"var(--ast-global-color-5)","background-image":"","background-repeat":"repeat","background-position":"center center","background-size":"auto","background-attachment":"scroll","background-type":"","background-media":"","overlay-type":"","overlay-color":"","overlay-opacity":"","overlay-gradient":""}},"_EventAllDay":false,"_EventTimezone":"","_EventStartDate":"","_EventEndDate":"","_EventStartDateUTC":"","_EventEndDateUTC":"","_EventShowMap":false,"_EventShowMapLink":false,"_EventURL":"","_EventCost":"","_EventCostDescription":"","_EventCurrencySymbol":"","_EventCurrencyCode":"","_EventCurrencyPosition":"","_EventDateTimeSeparator":"","_EventTimeRangeSeparator":"","_EventOrganizerID":[],"_EventVenueID":[],"_OrganizerEmail":"","_OrganizerPhone":"","_OrganizerWebsite":"","_VenueAddress":"","_VenueCity":"","_VenueCountry":"","_VenueProvince":"","_VenueState":"","_VenueZip":"","_VenuePhone":"","_VenueURL":"","_VenueStateProvince":"","_VenueLat":"","_VenueLng":"","_VenueShowMap":false,"_VenueShowMapLink":false},"tags":[],"mec_category":[7],"class_list":["post-699","mec-events","type-mec-events","status-publish","has-post-thumbnail","hentry","mec_category-laude-11"],"_links":{"self":[{"href":"https:\/\/www.agendadesfestivals.occitanie-films.fr\/index.php\/wp-json\/wp\/v2\/mec-events\/699","targetHints":{"allow":["GET"]}}],"collection":[{"href":"https:\/\/www.agendadesfestivals.occitanie-films.fr\/index.php\/wp-json\/wp\/v2\/mec-events"}],"about":[{"href":"https:\/\/www.agendadesfestivals.occitanie-films.fr\/index.php\/wp-json\/wp\/v2\/types\/mec-events"}],"author":[{"embeddable":true,"href":"https:\/\/www.agendadesfestivals.occitanie-films.fr\/index.php\/wp-json\/wp\/v2\/users\/1"}],"wp:featuredmedia":[{"embeddable":true,"href":"https:\/\/www.agendadesfestivals.occitanie-films.fr\/index.php\/wp-json\/wp\/v2\/media\/11705"}],"wp:attachment":[{"href":"https:\/\/www.agendadesfestivals.occitanie-films.fr\/index.php\/wp-json\/wp\/v2\/media?parent=699"}],"wp:term":[{"taxonomy":"post_tag","embeddable":true,"href":"https:\/\/www.agendadesfestivals.occitanie-films.fr\/index.php\/wp-json\/wp\/v2\/tags?post=699"},{"taxonomy":"mec_category","embeddable":true,"href":"https:\/\/www.agendadesfestivals.occitanie-films.fr\/index.php\/wp-json\/wp\/v2\/mec_category?post=699"}],"curies":[{"name":"wp","href":"https:\/\/api.w.org\/{rel}","templated":true}]}}

Festival du Film Insolite de Rennes-le-Château

<p>Le Festival du Film Insolite, créé en 2015 par les comédiens <b>Fanny Bastien</b> et <b>Geoffroy Thiebaut</b>, a pour but de partager des films autour de l’insolite et de mettre en valeur le patrimoine culturel et la biodiversité de la Haute Vallée de l&rsquo;Aude et du Limouxin.</p>
<p>Pour sa 11e édition, le festival met à l&rsquo;honneur le minéral et propose des projections de films, <em>master class</em>, tables rondes, expositions, concours de scénarios, dégustations locales, rencontres avec des artistes et personnalités de renom&#8230;</p>
<p><strong>L’édition 2025 du festival du Film Insolite de Rennes-le-Château se déroulera du 8 au 12 août.</strong></p>
<p><strong>｜Site internet｜</strong><a href="https://festivalfilminsoliterenneslechateau.fr">Festival du Film Insolite</a><strong>｜<br />
｜Programme｜</strong><a href="https://festivalfilminsoliterenneslechateau.fr/programme-2025/">11e édition</a><strong>｜<br />
｜Instagram｜</strong><a href="https://www.instagram.com/festivalfilminsolite/">Festival du Film Insolite</a><strong>｜<br />
｜Facebook｜</strong><a href="https://www.facebook.com/FestivalRennesLeChateau">Festival du Film Insolite</a><strong>｜</strong></p>
<p>&nbsp;</p>

<p>Le Festival du Film Insolite, créé en 2015 par les comédiens Fanny Bastien et Geoffroy Thiebaut, a pour but de partager des films autour de l’insolite et de mettre en [&hellip;]</p>
