{"id":488,"date":"2021-06-15T16:44:20","date_gmt":"2021-06-15T14:44:20","guid":{"rendered":"https:\/\/www.agendadesfestivals.occitanie-films.fr\/?post_type=mec-events&#038;p=488"},"modified":"2025-09-16T15:56:39","modified_gmt":"2025-09-16T13:56:39","slug":"echos-dici-echos-dailleurs-sur-les-pas-de-christophe-de-ponfilly","status":"publish","type":"mec-events","link":"https:\/\/www.agendadesfestivals.occitanie-films.fr\/index.php\/events\/echos-dici-echos-dailleurs-sur-les-pas-de-christophe-de-ponfilly\/","title":{"rendered":"\u00c9chos d&rsquo;ici, \u00e9chos d&rsquo;ailleurs, sur les pas de Christophe de Ponfilly"},"content":{"rendered":"<p style=\"text-align: justify;\">Depuis 2004,\u00a0l\u2019association <strong>\u00c9chos-ci,\u00a0\u00c9chos-l\u00e0<\/strong>\u00a0se consacre au\u00a0<strong>d\u00e9veloppement artistique et culturel en milieu rural<\/strong>, par l\u2019<strong>\u00e9ducation \u00e0 l\u2019image<\/strong>, la\u00a0<strong>m\u00e9diation culturelle<\/strong>\u00a0dans les domaines du\u00a0<strong>film documentaire de cr\u00e9ation<\/strong>, de la\u00a0<strong>photographie<\/strong>, des\u00a0<strong>arts plastiques<\/strong>\u00a0et du\u00a0<strong>th\u00e9\u00e2tre<\/strong>.<\/p>\n<p style=\"text-align: justify;\">Elle organise chaque ann\u00e9e au mois d\u2019octobre, \u00e0 Labastide-Rouairoux dans le Tarn, le\u00a0<a href=\"https:\/\/www.echosdudoc.fr\/\" target=\"_blank\" rel=\"noopener noreferrer\">Festival du film documentaire \u00c9chos d\u2019ici, \u00c9chos d\u2019ailleurs, sur les pas de Christophe de Ponfilly<\/a>, \u00e9v\u00e9nement de renomm\u00e9e r\u00e9gionale.<\/p>\n<p style=\"text-align: justify;\"><strong>La 18e \u00e9dition du Festival se tiendra du 10 au 12 Octobre 2025.<\/strong><\/p>\n<p style=\"text-align: justify;\">\uff5c<strong>Site internet<\/strong>\uff5c<a href=\"https:\/\/www.echosdudoc.fr\/\">\u00c9chos d&rsquo;ici, \u00e9chos d&rsquo;ailleurs, sur les pas de Christophe de Ponfilly<\/a>\uff5c<br \/>\n\uff5c<strong>Programme<\/strong>\uff5c<a href=\"https:\/\/www.echosdudoc.fr\/\">18e \u00e9dition<\/a>\uff5c<br \/>\n\uff5c<strong>Instagram<\/strong>\uff5c<a href=\"https:\/\/www.instagram.com\/echosdudoc\/\">\u00c9chos d&rsquo;ici, \u00e9chos d&rsquo;ailleurs, sur les pas de Christophe de Ponfilly<\/a>\uff5c<br \/>\n\uff5c<strong>Facebook<\/strong>\uff5c<a href=\"https:\/\/www.facebook.com\/EchosDuDoc\">\u00c9chos d&rsquo;ici, \u00e9chos d&rsquo;ailleurs, sur les pas de Christophe de Ponfilly<\/a>\uff5c<\/p>\n","protected":false},"excerpt":{"rendered":"<p>Depuis 2004,\u00a0l\u2019association \u00c9chos-ci,\u00a0\u00c9chos-l\u00e0\u00a0se consacre au\u00a0d\u00e9veloppement artistique et culturel en milieu rural, par l\u2019\u00e9ducation \u00e0 l\u2019image, la\u00a0m\u00e9diation culturelle\u00a0dans les domaines du\u00a0film documentaire de cr\u00e9ation, de la\u00a0photographie, des\u00a0arts plastiques\u00a0et du\u00a0th\u00e9\u00e2tre. Elle organise [&hellip;]<\/p>\n","protected":false},"author":1,"featured_media":11846,"template":"","meta":{"site-sidebar-layout":"default","site-content-layout":"default","ast-site-content-layout":"default","site-content-style":"default","site-sidebar-style":"default","ast-global-header-display":"","ast-banner-title-visibility":"","ast-main-header-display":"","ast-hfb-above-header-display":"","ast-hfb-below-header-display":"","ast-hfb-mobile-header-display":"","site-post-title":"","ast-breadcrumbs-content":"","ast-featured-img":"","footer-sml-layout":"","ast-disable-related-posts":"","theme-transparent-header-meta":"default","adv-header-id-meta":"","stick-header-meta":"","header-above-stick-meta":"","header-main-stick-meta":"","header-below-stick-meta":"","astra-migrate-meta-layouts":"set","ast-page-background-enabled":"default","ast-page-background-meta":{"desktop":{"background-color":"var(--ast-global-color-4)","background-image":"","background-repeat":"repeat","background-position":"center center","background-size":"auto","background-attachment":"scroll","background-type":"","background-media":"","overlay-type":"","overlay-color":"","overlay-opacity":"","overlay-gradient":""},"tablet":{"background-color":"","background-image":"","background-repeat":"repeat","background-position":"center center","background-size":"auto","background-attachment":"scroll","background-type":"","background-media":"","overlay-type":"","overlay-color":"","overlay-opacity":"","overlay-gradient":""},"mobile":{"background-color":"","background-image":"","background-repeat":"repeat","background-position":"center center","background-size":"auto","background-attachment":"scroll","background-type":"","background-media":"","overlay-type":"","overlay-color":"","overlay-opacity":"","overlay-gradient":""}},"ast-content-background-meta":{"desktop":{"background-color":"var(--ast-global-color-5)","background-image":"","background-repeat":"repeat","background-position":"center center","background-size":"auto","background-attachment":"scroll","background-type":"","background-media":"","overlay-type":"","overlay-color":"","overlay-opacity":"","overlay-gradient":""},"tablet":{"background-color":"var(--ast-global-color-5)","background-image":"","background-repeat":"repeat","background-position":"center center","background-size":"auto","background-attachment":"scroll","background-type":"","background-media":"","overlay-type":"","overlay-color":"","overlay-opacity":"","overlay-gradient":""},"mobile":{"background-color":"var(--ast-global-color-5)","background-image":"","background-repeat":"repeat","background-position":"center center","background-size":"auto","background-attachment":"scroll","background-type":"","background-media":"","overlay-type":"","overlay-color":"","overlay-opacity":"","overlay-gradient":""}},"_EventAllDay":false,"_EventTimezone":"","_EventStartDate":"","_EventEndDate":"","_EventStartDateUTC":"","_EventEndDateUTC":"","_EventShowMap":false,"_EventShowMapLink":false,"_EventURL":"","_EventCost":"","_EventCostDescription":"","_EventCurrencySymbol":"","_EventCurrencyCode":"","_EventCurrencyPosition":"","_EventDateTimeSeparator":"","_EventTimeRangeSeparator":"","_EventOrganizerID":[],"_EventVenueID":[],"_OrganizerEmail":"","_OrganizerPhone":"","_OrganizerWebsite":"","_VenueAddress":"","_VenueCity":"","_VenueCountry":"","_VenueProvince":"","_VenueState":"","_VenueZip":"","_VenuePhone":"","_VenueURL":"","_VenueStateProvince":"","_VenueLat":"","_VenueLng":"","_VenueShowMap":false,"_VenueShowMapLink":false},"tags":[],"mec_category":[34,16],"class_list":["post-488","mec-events","type-mec-events","status-publish","has-post-thumbnail","hentry","mec_category-agenda-des-festivals","mec_category-le-tarn-81"],"_links":{"self":[{"href":"https:\/\/www.agendadesfestivals.occitanie-films.fr\/index.php\/wp-json\/wp\/v2\/mec-events\/488","targetHints":{"allow":["GET"]}}],"collection":[{"href":"https:\/\/www.agendadesfestivals.occitanie-films.fr\/index.php\/wp-json\/wp\/v2\/mec-events"}],"about":[{"href":"https:\/\/www.agendadesfestivals.occitanie-films.fr\/index.php\/wp-json\/wp\/v2\/types\/mec-events"}],"author":[{"embeddable":true,"href":"https:\/\/www.agendadesfestivals.occitanie-films.fr\/index.php\/wp-json\/wp\/v2\/users\/1"}],"wp:featuredmedia":[{"embeddable":true,"href":"https:\/\/www.agendadesfestivals.occitanie-films.fr\/index.php\/wp-json\/wp\/v2\/media\/11846"}],"wp:attachment":[{"href":"https:\/\/www.agendadesfestivals.occitanie-films.fr\/index.php\/wp-json\/wp\/v2\/media?parent=488"}],"wp:term":[{"taxonomy":"post_tag","embeddable":true,"href":"https:\/\/www.agendadesfestivals.occitanie-films.fr\/index.php\/wp-json\/wp\/v2\/tags?post=488"},{"taxonomy":"mec_category","embeddable":true,"href":"https:\/\/www.agendadesfestivals.occitanie-films.fr\/index.php\/wp-json\/wp\/v2\/mec_category?post=488"}],"curies":[{"name":"wp","href":"https:\/\/api.w.org\/{rel}","templated":true}]}}

Échos d&rsquo;ici, échos d&rsquo;ailleurs, sur les pas de Christophe de Ponfilly

<p style="text-align: justify;">Depuis 2004, l’association <strong>Échos-ci, Échos-là</strong> se consacre au <strong>développement artistique et culturel en milieu rural</strong>, par l’<strong>éducation à l’image</strong>, la <strong>médiation culturelle</strong> dans les domaines du <strong>film documentaire de création</strong>, de la <strong>photographie</strong>, des <strong>arts plastiques</strong> et du <strong>théâtre</strong>.</p>
<p style="text-align: justify;">Elle organise chaque année au mois d’octobre, à Labastide-Rouairoux dans le Tarn, le <a href="https://www.echosdudoc.fr/" target="_blank" rel="noopener noreferrer">Festival du film documentaire Échos d’ici, Échos d’ailleurs, sur les pas de Christophe de Ponfilly</a>, événement de renommée régionale.</p>
<p style="text-align: justify;"><strong>La 18e édition du Festival se tiendra du 10 au 12 Octobre 2025.</strong></p>
<p style="text-align: justify;">｜<strong>Site internet</strong>｜<a href="https://www.echosdudoc.fr/">Échos d&rsquo;ici, échos d&rsquo;ailleurs, sur les pas de Christophe de Ponfilly</a>｜<br />
｜<strong>Programme</strong>｜<a href="https://www.echosdudoc.fr/">18e édition</a>｜<br />
｜<strong>Instagram</strong>｜<a href="https://www.instagram.com/echosdudoc/">Échos d&rsquo;ici, échos d&rsquo;ailleurs, sur les pas de Christophe de Ponfilly</a>｜<br />
｜<strong>Facebook</strong>｜<a href="https://www.facebook.com/EchosDuDoc">Échos d&rsquo;ici, échos d&rsquo;ailleurs, sur les pas de Christophe de Ponfilly</a>｜</p>

<p>Depuis 2004, l’association Échos-ci, Échos-là se consacre au développement artistique et culturel en milieu rural, par l’éducation à l’image, la médiation culturelle dans les domaines du film documentaire de création, de la photographie, des arts plastiques et du théâtre. Elle organise [&hellip;]</p>
