{"id":220,"date":"2020-11-18T11:09:55","date_gmt":"2020-11-18T10:09:55","guid":{"rendered":"http:\/\/www.agendadesfestivals.occitanie-films.fr\/?post_type=mec-events&#038;p=220"},"modified":"2025-09-08T17:04:35","modified_gmt":"2025-09-08T15:04:35","slug":"les-rencontres-cinematographiques-de-cerbere-portbou","status":"publish","type":"mec-events","link":"https:\/\/www.agendadesfestivals.occitanie-films.fr\/index.php\/events\/les-rencontres-cinematographiques-de-cerbere-portbou\/","title":{"rendered":"Les Rencontres Cin\u00e9matographiques de Cerb\u00e8re-Portbou"},"content":{"rendered":"<p style=\"text-align: justify;\">Les Rencontres Cin\u00e9matographiques de Cerb\u00e8re-Portbou ont lieu entre fin septembre et d\u00e9but octobre \u00e0 Cerb\u00e8re (Belv\u00e9d\u00e8re du Rayon-Vert) et \u00e0 Portbou. Depuis la premi\u00e8re \u00e9dition en 2005, cinq festivals : le FID Marseille, le festival l\u2019Alternativa \u00e0 Barcelone, le festival C\u00f4te Court de Pantin, Cin\u00e9maginaire et les Rencontres Cin\u00e9matographiques de Cerb\u00e8re-Portbou proposent chacun une s\u00e9ance.<\/p>\n<p style=\"text-align: justify;\"><strong>L&rsquo;\u00e9dition 2025 aura lieu du 1er au 5 octobre 2025 au cin\u00e9ma.<\/strong><\/p>\n<div id=\"mailtorapidetoModal\" style=\"z-index: 20002;\">\n<div id=\"mailtorapidetoContentPopupModal\">\n<p><strong>\uff5cSite internet\uff5c<\/strong><a href=\"https:\/\/www.rencontrescerberecollioure.fr\/\">Les Rencontres Cin\u00e9matographiques de Cerb\u00e8re-Portbou<\/a>\u00a0<strong>\uff5c<br \/>\n\uff5cProgramme\uff5c<\/strong><a href=\"https:\/\/www.rencontrescerberecollioure.fr\/\"> \u00e9dition<\/a><strong>\uff5c<\/strong><strong><br \/>\n\uff5cFacebook\uff5c<\/strong><a href=\"https:\/\/www.facebook.com\/profile.php?id=100064607100389\">Les Rencontres Cin\u00e9matographiques de Cerb\u00e8re-Portbou<\/a><strong>\uff5c<\/strong><\/p>\n<\/div>\n<\/div>\n","protected":false},"excerpt":{"rendered":"<p>Les Rencontres Cin\u00e9matographiques de Cerb\u00e8re-Portbou ont lieu entre fin septembre et d\u00e9but octobre \u00e0 Cerb\u00e8re (Belv\u00e9d\u00e8re du Rayon-Vert) et \u00e0 Portbou. Depuis la premi\u00e8re \u00e9dition en 2005, cinq festivals : [&hellip;]<\/p>\n","protected":false},"author":1,"featured_media":11835,"template":"","meta":{"site-sidebar-layout":"default","site-content-layout":"default","ast-site-content-layout":"default","site-content-style":"default","site-sidebar-style":"default","ast-global-header-display":"","ast-banner-title-visibility":"","ast-main-header-display":"","ast-hfb-above-header-display":"","ast-hfb-below-header-display":"","ast-hfb-mobile-header-display":"","site-post-title":"","ast-breadcrumbs-content":"","ast-featured-img":"","footer-sml-layout":"","ast-disable-related-posts":"","theme-transparent-header-meta":"default","adv-header-id-meta":"","stick-header-meta":"","header-above-stick-meta":"","header-main-stick-meta":"","header-below-stick-meta":"","astra-migrate-meta-layouts":"set","ast-page-background-enabled":"default","ast-page-background-meta":{"desktop":{"background-color":"var(--ast-global-color-4)","background-image":"","background-repeat":"repeat","background-position":"center center","background-size":"auto","background-attachment":"scroll","background-type":"","background-media":"","overlay-type":"","overlay-color":"","overlay-opacity":"","overlay-gradient":""},"tablet":{"background-color":"","background-image":"","background-repeat":"repeat","background-position":"center center","background-size":"auto","background-attachment":"scroll","background-type":"","background-media":"","overlay-type":"","overlay-color":"","overlay-opacity":"","overlay-gradient":""},"mobile":{"background-color":"","background-image":"","background-repeat":"repeat","background-position":"center center","background-size":"auto","background-attachment":"scroll","background-type":"","background-media":"","overlay-type":"","overlay-color":"","overlay-opacity":"","overlay-gradient":""}},"ast-content-background-meta":{"desktop":{"background-color":"var(--ast-global-color-5)","background-image":"","background-repeat":"repeat","background-position":"center center","background-size":"auto","background-attachment":"scroll","background-type":"","background-media":"","overlay-type":"","overlay-color":"","overlay-opacity":"","overlay-gradient":""},"tablet":{"background-color":"var(--ast-global-color-5)","background-image":"","background-repeat":"repeat","background-position":"center center","background-size":"auto","background-attachment":"scroll","background-type":"","background-media":"","overlay-type":"","overlay-color":"","overlay-opacity":"","overlay-gradient":""},"mobile":{"background-color":"var(--ast-global-color-5)","background-image":"","background-repeat":"repeat","background-position":"center center","background-size":"auto","background-attachment":"scroll","background-type":"","background-media":"","overlay-type":"","overlay-color":"","overlay-opacity":"","overlay-gradient":""}},"_EventAllDay":false,"_EventTimezone":"","_EventStartDate":"","_EventEndDate":"","_EventStartDateUTC":"","_EventEndDateUTC":"","_EventShowMap":false,"_EventShowMapLink":false,"_EventURL":"","_EventCost":"","_EventCostDescription":"","_EventCurrencySymbol":"","_EventCurrencyCode":"","_EventCurrencyPosition":"","_EventDateTimeSeparator":"","_EventTimeRangeSeparator":"","_EventOrganizerID":[],"_EventVenueID":[],"_OrganizerEmail":"","_OrganizerPhone":"","_OrganizerWebsite":"","_VenueAddress":"","_VenueCity":"","_VenueCountry":"","_VenueProvince":"","_VenueState":"","_VenueZip":"","_VenuePhone":"","_VenueURL":"","_VenueStateProvince":"","_VenueLat":"","_VenueLng":"","_VenueShowMap":false,"_VenueShowMapLink":false},"tags":[],"mec_category":[34,15],"class_list":["post-220","mec-events","type-mec-events","status-publish","has-post-thumbnail","hentry","mec_category-agenda-des-festivals","mec_category-les-pyrenees-orientales-66"],"_links":{"self":[{"href":"https:\/\/www.agendadesfestivals.occitanie-films.fr\/index.php\/wp-json\/wp\/v2\/mec-events\/220","targetHints":{"allow":["GET"]}}],"collection":[{"href":"https:\/\/www.agendadesfestivals.occitanie-films.fr\/index.php\/wp-json\/wp\/v2\/mec-events"}],"about":[{"href":"https:\/\/www.agendadesfestivals.occitanie-films.fr\/index.php\/wp-json\/wp\/v2\/types\/mec-events"}],"author":[{"embeddable":true,"href":"https:\/\/www.agendadesfestivals.occitanie-films.fr\/index.php\/wp-json\/wp\/v2\/users\/1"}],"wp:featuredmedia":[{"embeddable":true,"href":"https:\/\/www.agendadesfestivals.occitanie-films.fr\/index.php\/wp-json\/wp\/v2\/media\/11835"}],"wp:attachment":[{"href":"https:\/\/www.agendadesfestivals.occitanie-films.fr\/index.php\/wp-json\/wp\/v2\/media?parent=220"}],"wp:term":[{"taxonomy":"post_tag","embeddable":true,"href":"https:\/\/www.agendadesfestivals.occitanie-films.fr\/index.php\/wp-json\/wp\/v2\/tags?post=220"},{"taxonomy":"mec_category","embeddable":true,"href":"https:\/\/www.agendadesfestivals.occitanie-films.fr\/index.php\/wp-json\/wp\/v2\/mec_category?post=220"}],"curies":[{"name":"wp","href":"https:\/\/api.w.org\/{rel}","templated":true}]}}

Les Rencontres Cinématographiques de Cerbère-Portbou

<p style="text-align: justify;">Les Rencontres Cinématographiques de Cerbère-Portbou ont lieu entre fin septembre et début octobre à Cerbère (Belvédère du Rayon-Vert) et à Portbou. Depuis la première édition en 2005, cinq festivals : le FID Marseille, le festival l’Alternativa à Barcelone, le festival Côte Court de Pantin, Cinémaginaire et les Rencontres Cinématographiques de Cerbère-Portbou proposent chacun une séance.</p>
<p style="text-align: justify;"><strong>L&rsquo;édition 2025 aura lieu du 1er au 5 octobre 2025 au cinéma.</strong></p>
<div id="mailtorapidetoModal" style="z-index: 20002;">
<div id="mailtorapidetoContentPopupModal">
<p><strong>｜Site internet｜</strong><a href="https://www.rencontrescerberecollioure.fr/">Les Rencontres Cinématographiques de Cerbère-Portbou</a> <strong>｜<br />
｜Programme｜</strong><a href="https://www.rencontrescerberecollioure.fr/"> édition</a><strong>｜</strong><strong><br />
｜Facebook｜</strong><a href="https://www.facebook.com/profile.php?id=100064607100389">Les Rencontres Cinématographiques de Cerbère-Portbou</a><strong>｜</strong></p>
</div>
</div>

<p>Les Rencontres Cinématographiques de Cerbère-Portbou ont lieu entre fin septembre et début octobre à Cerbère (Belvédère du Rayon-Vert) et à Portbou. Depuis la première édition en 2005, cinq festivals : [&hellip;]</p>
