{"id":196,"date":"2020-11-06T14:11:55","date_gmt":"2020-11-06T13:11:55","guid":{"rendered":"http:\/\/www.agendadesfestivals.occitanie-films.fr\/?post_type=mec-events&#038;p=196"},"modified":"2025-09-15T09:59:23","modified_gmt":"2025-09-15T07:59:23","slug":"festival-la-bas-vu-dici","status":"publish","type":"mec-events","link":"https:\/\/www.agendadesfestivals.occitanie-films.fr\/index.php\/events\/festival-la-bas-vu-dici\/","title":{"rendered":"Festival L\u00e0-Bas, Vu d&rsquo;ici"},"content":{"rendered":"<p>Le <strong>Festival L\u00e0-Bas, Vu d&rsquo;ici <\/strong>est un festival de films sur les voyages et les lointains horizons en C\u00e9vennes qui a lieu chaque ann\u00e9e au mois d&rsquo;ao\u00fbt au Vigan. Le Festival est organis\u00e9 par l&rsquo;association Hasta Siempre et La Communaut\u00e9 de Communes du Pays Viganais.<\/p>\n<p><strong>La 14e \u00e9dition \u00ab\u00a0Aux d\u00e9tours de la route de la soie\u00a0\u00bb aura lieu du 21 au 24 ao\u00fbt 2025.\u00a0<\/strong><\/p>\n<div id=\"mailtorapidetoModal\" style=\"z-index: 20002;\">\n<div id=\"mailtorapidetoContentPopupModal\">\n<div id=\"mailtorapidetoModalPopupCloseMail\"><strong>\uff5cSite internet\uff5c<\/strong><a href=\"http:\/\/www.festivallabasvudici.com\">Festival L\u00e0-Bas, Vu d&rsquo;ici<\/a><strong>\uff5c<br \/>\n\uff5cProgramme\uff5c<\/strong> <a href=\"https:\/\/www.agendadesfestivals.occitanie-films.fr\/wp-content\/uploads\/2023\/05\/Programme-2025.pdf\">14e \u00e9dition<\/a><strong>\uff5c<br \/>\n\uff5cInstagram\uff5c<\/strong><a href=\"https:\/\/www.instagram.com\/labasvudicifestival\">Festival L\u00e0-Bas, Vu d&rsquo;ici<\/a><strong>\uff5c<br \/>\n\uff5cFacebook\uff5c<\/strong><a href=\"https:\/\/www.facebook.com\/festivallabasvudici\/\">Festival L\u00e0-Bas, Vu d&rsquo;ici<\/a><strong>\uff5c<\/strong><\/div>\n<\/div>\n<\/div>\n<div>\n<p>&nbsp;<\/p>\n<\/div>\n","protected":false},"excerpt":{"rendered":"<p>Le Festival L\u00e0-Bas, Vu d&rsquo;ici est un festival de films sur les voyages et les lointains horizons en C\u00e9vennes qui a lieu chaque ann\u00e9e au mois d&rsquo;ao\u00fbt au Vigan. Le [&hellip;]<\/p>\n","protected":false},"author":1,"featured_media":11790,"template":"","meta":{"site-sidebar-layout":"default","site-content-layout":"default","ast-site-content-layout":"default","site-content-style":"default","site-sidebar-style":"default","ast-global-header-display":"","ast-banner-title-visibility":"","ast-main-header-display":"","ast-hfb-above-header-display":"","ast-hfb-below-header-display":"","ast-hfb-mobile-header-display":"","site-post-title":"","ast-breadcrumbs-content":"","ast-featured-img":"","footer-sml-layout":"","ast-disable-related-posts":"","theme-transparent-header-meta":"default","adv-header-id-meta":"","stick-header-meta":"","header-above-stick-meta":"","header-main-stick-meta":"","header-below-stick-meta":"","astra-migrate-meta-layouts":"set","ast-page-background-enabled":"default","ast-page-background-meta":{"desktop":{"background-color":"var(--ast-global-color-4)","background-image":"","background-repeat":"repeat","background-position":"center center","background-size":"auto","background-attachment":"scroll","background-type":"","background-media":"","overlay-type":"","overlay-color":"","overlay-opacity":"","overlay-gradient":""},"tablet":{"background-color":"","background-image":"","background-repeat":"repeat","background-position":"center center","background-size":"auto","background-attachment":"scroll","background-type":"","background-media":"","overlay-type":"","overlay-color":"","overlay-opacity":"","overlay-gradient":""},"mobile":{"background-color":"","background-image":"","background-repeat":"repeat","background-position":"center center","background-size":"auto","background-attachment":"scroll","background-type":"","background-media":"","overlay-type":"","overlay-color":"","overlay-opacity":"","overlay-gradient":""}},"ast-content-background-meta":{"desktop":{"background-color":"var(--ast-global-color-5)","background-image":"","background-repeat":"repeat","background-position":"center center","background-size":"auto","background-attachment":"scroll","background-type":"","background-media":"","overlay-type":"","overlay-color":"","overlay-opacity":"","overlay-gradient":""},"tablet":{"background-color":"var(--ast-global-color-5)","background-image":"","background-repeat":"repeat","background-position":"center center","background-size":"auto","background-attachment":"scroll","background-type":"","background-media":"","overlay-type":"","overlay-color":"","overlay-opacity":"","overlay-gradient":""},"mobile":{"background-color":"var(--ast-global-color-5)","background-image":"","background-repeat":"repeat","background-position":"center center","background-size":"auto","background-attachment":"scroll","background-type":"","background-media":"","overlay-type":"","overlay-color":"","overlay-opacity":"","overlay-gradient":""}},"_EventAllDay":false,"_EventTimezone":"","_EventStartDate":"","_EventEndDate":"","_EventStartDateUTC":"","_EventEndDateUTC":"","_EventShowMap":false,"_EventShowMapLink":false,"_EventURL":"","_EventCost":"","_EventCostDescription":"","_EventCurrencySymbol":"","_EventCurrencyCode":"","_EventCurrencyPosition":"","_EventDateTimeSeparator":"","_EventTimeRangeSeparator":"","_EventOrganizerID":[],"_EventVenueID":[],"_OrganizerEmail":"","_OrganizerPhone":"","_OrganizerWebsite":"","_VenueAddress":"","_VenueCity":"","_VenueCountry":"","_VenueProvince":"","_VenueState":"","_VenueZip":"","_VenuePhone":"","_VenueURL":"","_VenueStateProvince":"","_VenueLat":"","_VenueLng":"","_VenueShowMap":false,"_VenueShowMapLink":false},"tags":[],"mec_category":[34,9],"class_list":["post-196","mec-events","type-mec-events","status-publish","has-post-thumbnail","hentry","mec_category-agenda-des-festivals","mec_category-le-gard-30"],"_links":{"self":[{"href":"https:\/\/www.agendadesfestivals.occitanie-films.fr\/index.php\/wp-json\/wp\/v2\/mec-events\/196","targetHints":{"allow":["GET"]}}],"collection":[{"href":"https:\/\/www.agendadesfestivals.occitanie-films.fr\/index.php\/wp-json\/wp\/v2\/mec-events"}],"about":[{"href":"https:\/\/www.agendadesfestivals.occitanie-films.fr\/index.php\/wp-json\/wp\/v2\/types\/mec-events"}],"author":[{"embeddable":true,"href":"https:\/\/www.agendadesfestivals.occitanie-films.fr\/index.php\/wp-json\/wp\/v2\/users\/1"}],"wp:featuredmedia":[{"embeddable":true,"href":"https:\/\/www.agendadesfestivals.occitanie-films.fr\/index.php\/wp-json\/wp\/v2\/media\/11790"}],"wp:attachment":[{"href":"https:\/\/www.agendadesfestivals.occitanie-films.fr\/index.php\/wp-json\/wp\/v2\/media?parent=196"}],"wp:term":[{"taxonomy":"post_tag","embeddable":true,"href":"https:\/\/www.agendadesfestivals.occitanie-films.fr\/index.php\/wp-json\/wp\/v2\/tags?post=196"},{"taxonomy":"mec_category","embeddable":true,"href":"https:\/\/www.agendadesfestivals.occitanie-films.fr\/index.php\/wp-json\/wp\/v2\/mec_category?post=196"}],"curies":[{"name":"wp","href":"https:\/\/api.w.org\/{rel}","templated":true}]}}

Festival Là-Bas, Vu d&rsquo;ici

<p>Le <strong>Festival Là-Bas, Vu d&rsquo;ici </strong>est un festival de films sur les voyages et les lointains horizons en Cévennes qui a lieu chaque année au mois d&rsquo;août au Vigan. Le Festival est organisé par l&rsquo;association Hasta Siempre et La Communauté de Communes du Pays Viganais.</p>
<p><strong>La 14e édition « Aux détours de la route de la soie » aura lieu du 21 au 24 août 2025. </strong></p>
<div id="mailtorapidetoModal" style="z-index: 20002;">
<div id="mailtorapidetoContentPopupModal">
<div id="mailtorapidetoModalPopupCloseMail"><strong>｜Site internet｜</strong><a href="http://www.festivallabasvudici.com">Festival Là-Bas, Vu d&rsquo;ici</a><strong>｜<br />
｜Programme｜</strong> <a href="https://www.agendadesfestivals.occitanie-films.fr/wp-content/uploads/2023/05/Programme-2025.pdf">14e édition</a><strong>｜<br />
｜Instagram｜</strong><a href="https://www.instagram.com/labasvudicifestival">Festival Là-Bas, Vu d&rsquo;ici</a><strong>｜<br />
｜Facebook｜</strong><a href="https://www.facebook.com/festivallabasvudici/">Festival Là-Bas, Vu d&rsquo;ici</a><strong>｜</strong></div>
</div>
</div>
<div>
<p>&nbsp;</p>
</div>

<p>Le Festival Là-Bas, Vu d&rsquo;ici est un festival de films sur les voyages et les lointains horizons en Cévennes qui a lieu chaque année au mois d&rsquo;août au Vigan. Le [&hellip;]</p>
