{"id":161,"date":"2020-10-16T15:32:01","date_gmt":"2020-10-16T13:32:01","guid":{"rendered":"http:\/\/www.agendadesfestivals.occitanie-films.fr\/?post_type=mec-events&#038;p=161"},"modified":"2025-05-06T10:40:58","modified_gmt":"2025-05-06T08:40:58","slug":"festival-48-images-seconde","status":"publish","type":"mec-events","link":"https:\/\/www.agendadesfestivals.occitanie-films.fr\/index.php\/events\/festival-48-images-seconde\/","title":{"rendered":"Vues du Qu\u00e9bec, festival de cin\u00e9ma de Florac"},"content":{"rendered":"<p class=\"western\" style=\"text-align: justify;\">La Nouvelle Dimension est une structure associative situ\u00e9e \u00e0 Florac. Elle organise le Festival Vues du Qu\u00e9bec au mois d&rsquo;avril qui est le rendez-vous du cin\u00e9ma qu\u00e9b\u00e9cois et de la francophonie.<\/p>\n<p><strong>Vues du Qu\u00e9bec<\/strong>, festival du cin\u00e9ma de <strong>Florac<\/strong>, est un rendez-vous annuel incontournable d\u00e9di\u00e9 au cin\u00e9ma qu\u00e9b\u00e9cois en France. Depuis 2015, il met \u00e0 l&rsquo;honneur des r\u00e9alisateurs, acteurs et artistes qu\u00e9b\u00e9cois, avec plus de 70 invit\u00e9s prestigieux accueillis. Anim\u00e9 par Daniel Racine, le festival propose une programmation riche dans un cadre exceptionnel, entre les <strong>C\u00e9vennes et les Gorges du Tarn<\/strong>.<\/p>\n<p style=\"text-align: justify;\"><strong>La 15\u00e8me \u00e9dition a eu lieu du 8 \u00a0au 13 avril 2025.<\/strong><\/p>\n<p class=\"western\" style=\"text-align: justify;\">Site internet :\u00a0<a href=\"https:\/\/www.cinemaquebecois.fr\/vues-du-quebec\/\">https:\/\/www.cinemaquebecois.fr\/vues-du-quebec\/<\/a><\/p>\n<p class=\"western\" style=\"text-align: justify;\" align=\"justify\">\uff5c<strong>Site internet<\/strong>\uff5c<a href=\"https:\/\/www.cinemaquebecois.fr\/vues-du-quebec\/\">Vues du Qu\u00e9be<\/a>c\uff5c<br \/>\n\uff5c<strong>Programme<\/strong>\uff5c<a href=\"https:\/\/www.cinemaquebecois.fr\/vues-du-quebec\/\"> 16e \u00e9dition<\/a>\uff5c<br \/>\n\uff5c<strong>Instagram<\/strong>\uff5c<a href=\"https:\/\/www.instagram.com\/vuesduquebec\/\">Vues du Qu\u00e9bec<\/a>\uff5c<br \/>\n\uff5c<strong>Facebook<\/strong>\uff5c<a href=\"https:\/\/www.facebook.com\/lecinemaquebecois\/\">Vues du Qu\u00e9bec<\/a>\uff5c<\/p>\n","protected":false},"excerpt":{"rendered":"<p>La Nouvelle Dimension est une structure associative situ\u00e9e \u00e0 Florac. Elle organise le Festival Vues du Qu\u00e9bec au mois d&rsquo;avril qui est le rendez-vous du cin\u00e9ma qu\u00e9b\u00e9cois et de la [&hellip;]<\/p>\n","protected":false},"author":1,"featured_media":11527,"template":"","meta":{"site-sidebar-layout":"default","site-content-layout":"default","ast-site-content-layout":"default","site-content-style":"default","site-sidebar-style":"default","ast-global-header-display":"","ast-banner-title-visibility":"","ast-main-header-display":"","ast-hfb-above-header-display":"","ast-hfb-below-header-display":"","ast-hfb-mobile-header-display":"","site-post-title":"","ast-breadcrumbs-content":"","ast-featured-img":"","footer-sml-layout":"","ast-disable-related-posts":"","theme-transparent-header-meta":"default","adv-header-id-meta":"","stick-header-meta":"","header-above-stick-meta":"","header-main-stick-meta":"","header-below-stick-meta":"","astra-migrate-meta-layouts":"set","ast-page-background-enabled":"default","ast-page-background-meta":{"desktop":{"background-color":"var(--ast-global-color-4)","background-image":"","background-repeat":"repeat","background-position":"center center","background-size":"auto","background-attachment":"scroll","background-type":"","background-media":"","overlay-type":"","overlay-color":"","overlay-opacity":"","overlay-gradient":""},"tablet":{"background-color":"","background-image":"","background-repeat":"repeat","background-position":"center center","background-size":"auto","background-attachment":"scroll","background-type":"","background-media":"","overlay-type":"","overlay-color":"","overlay-opacity":"","overlay-gradient":""},"mobile":{"background-color":"","background-image":"","background-repeat":"repeat","background-position":"center center","background-size":"auto","background-attachment":"scroll","background-type":"","background-media":"","overlay-type":"","overlay-color":"","overlay-opacity":"","overlay-gradient":""}},"ast-content-background-meta":{"desktop":{"background-color":"var(--ast-global-color-5)","background-image":"","background-repeat":"repeat","background-position":"center center","background-size":"auto","background-attachment":"scroll","background-type":"","background-media":"","overlay-type":"","overlay-color":"","overlay-opacity":"","overlay-gradient":""},"tablet":{"background-color":"var(--ast-global-color-5)","background-image":"","background-repeat":"repeat","background-position":"center center","background-size":"auto","background-attachment":"scroll","background-type":"","background-media":"","overlay-type":"","overlay-color":"","overlay-opacity":"","overlay-gradient":""},"mobile":{"background-color":"var(--ast-global-color-5)","background-image":"","background-repeat":"repeat","background-position":"center center","background-size":"auto","background-attachment":"scroll","background-type":"","background-media":"","overlay-type":"","overlay-color":"","overlay-opacity":"","overlay-gradient":""}},"_EventAllDay":false,"_EventTimezone":"","_EventStartDate":"","_EventEndDate":"","_EventStartDateUTC":"","_EventEndDateUTC":"","_EventShowMap":false,"_EventShowMapLink":false,"_EventURL":"","_EventCost":"","_EventCostDescription":"","_EventCurrencySymbol":"","_EventCurrencyCode":"","_EventCurrencyPosition":"","_EventDateTimeSeparator":"","_EventTimeRangeSeparator":"","_EventOrganizerID":[],"_EventVenueID":[],"_OrganizerEmail":"","_OrganizerPhone":"","_OrganizerWebsite":"","_VenueAddress":"","_VenueCity":"","_VenueCountry":"","_VenueProvince":"","_VenueState":"","_VenueZip":"","_VenuePhone":"","_VenueURL":"","_VenueStateProvince":"","_VenueLat":"","_VenueLng":"","_VenueShowMap":false,"_VenueShowMapLink":false},"tags":[],"mec_category":[13],"class_list":["post-161","mec-events","type-mec-events","status-publish","has-post-thumbnail","hentry","mec_category-la-lozere-48"],"_links":{"self":[{"href":"https:\/\/www.agendadesfestivals.occitanie-films.fr\/index.php\/wp-json\/wp\/v2\/mec-events\/161","targetHints":{"allow":["GET"]}}],"collection":[{"href":"https:\/\/www.agendadesfestivals.occitanie-films.fr\/index.php\/wp-json\/wp\/v2\/mec-events"}],"about":[{"href":"https:\/\/www.agendadesfestivals.occitanie-films.fr\/index.php\/wp-json\/wp\/v2\/types\/mec-events"}],"author":[{"embeddable":true,"href":"https:\/\/www.agendadesfestivals.occitanie-films.fr\/index.php\/wp-json\/wp\/v2\/users\/1"}],"wp:featuredmedia":[{"embeddable":true,"href":"https:\/\/www.agendadesfestivals.occitanie-films.fr\/index.php\/wp-json\/wp\/v2\/media\/11527"}],"wp:attachment":[{"href":"https:\/\/www.agendadesfestivals.occitanie-films.fr\/index.php\/wp-json\/wp\/v2\/media?parent=161"}],"wp:term":[{"taxonomy":"post_tag","embeddable":true,"href":"https:\/\/www.agendadesfestivals.occitanie-films.fr\/index.php\/wp-json\/wp\/v2\/tags?post=161"},{"taxonomy":"mec_category","embeddable":true,"href":"https:\/\/www.agendadesfestivals.occitanie-films.fr\/index.php\/wp-json\/wp\/v2\/mec_category?post=161"}],"curies":[{"name":"wp","href":"https:\/\/api.w.org\/{rel}","templated":true}]}}

Vues du Québec, festival de cinéma de Florac

<p class="western" style="text-align: justify;">La Nouvelle Dimension est une structure associative située à Florac. Elle organise le Festival Vues du Québec au mois d&rsquo;avril qui est le rendez-vous du cinéma québécois et de la francophonie.</p>
<p><strong>Vues du Québec</strong>, festival du cinéma de <strong>Florac</strong>, est un rendez-vous annuel incontournable dédié au cinéma québécois en France. Depuis 2015, il met à l&rsquo;honneur des réalisateurs, acteurs et artistes québécois, avec plus de 70 invités prestigieux accueillis. Animé par Daniel Racine, le festival propose une programmation riche dans un cadre exceptionnel, entre les <strong>Cévennes et les Gorges du Tarn</strong>.</p>
<p style="text-align: justify;"><strong>La 15ème édition a eu lieu du 8  au 13 avril 2025.</strong></p>
<p class="western" style="text-align: justify;">Site internet : <a href="https://www.cinemaquebecois.fr/vues-du-quebec/">https://www.cinemaquebecois.fr/vues-du-quebec/</a></p>
<p class="western" style="text-align: justify;" align="justify">｜<strong>Site internet</strong>｜<a href="https://www.cinemaquebecois.fr/vues-du-quebec/">Vues du Québe</a>c｜<br />
｜<strong>Programme</strong>｜<a href="https://www.cinemaquebecois.fr/vues-du-quebec/"> 16e édition</a>｜<br />
｜<strong>Instagram</strong>｜<a href="https://www.instagram.com/vuesduquebec/">Vues du Québec</a>｜<br />
｜<strong>Facebook</strong>｜<a href="https://www.facebook.com/lecinemaquebecois/">Vues du Québec</a>｜</p>

<p>La Nouvelle Dimension est une structure associative située à Florac. Elle organise le Festival Vues du Québec au mois d&rsquo;avril qui est le rendez-vous du cinéma québécois et de la [&hellip;]</p>
