{"id":152,"date":"2020-10-16T14:19:55","date_gmt":"2020-10-16T12:19:55","guid":{"rendered":"http:\/\/www.agendadesfestivals.occitanie-films.fr\/?post_type=mec-events&#038;p=152"},"modified":"2025-09-15T10:01:15","modified_gmt":"2025-09-15T08:01:15","slug":"imagein","status":"publish","type":"mec-events","link":"https:\/\/www.agendadesfestivals.occitanie-films.fr\/index.php\/events\/imagein\/","title":{"rendered":"Image&rsquo;in Cabestany"},"content":{"rendered":"<p>Pour sa 43e \u00e9dition, les Rencontres du court m\u00e9trage pr\u00e9sente une programmation vari\u00e9e de <strong>court m\u00e9trage<\/strong> avec des \u00e9changes entre le public et les r\u00e9alisateur.rices. Les rencontres proposent des rencontres avec les membres du jury, vernissage des expositions et des ateliers d&rsquo;\u00e9ducation \u00e0 l&rsquo;image pour les 3-12ans.<\/p>\n<p>Les rencontres se d\u00e9rouleront du <strong>20 au 23 mars 2025 \u00e0 Cabestany.\u00a0<\/strong><\/p>\n<p>\uff5c<strong>Site internet<\/strong>\uff5c<a href=\"https:\/\/imageincabestany.org\/les-rencontres-du-court-metrage\/\">Image&rsquo;in<\/a>\uff5c<br \/>\n\uff5c<strong>Programme<\/strong>\uff5c<a href=\"https:\/\/imageincabestany.org\/wp-content\/uploads\/2024\/02\/programme-42es-rencontres-du-court-metrage-image-in-cabestany-copie-8.pdf\">43e \u00e9dition<\/a>\uff5c<br \/>\n\uff5c<strong>Facebook<\/strong>\uff5c<a href=\"https:\/\/imageincabestany.org\/les-rencontres-du-court-metrage\/\">Image&rsquo;in<\/a>\uff5c<\/p>\n<p>\uff5c<strong>Instagram<\/strong>\uff5c<a href=\"https:\/\/imageincabestany.org\/les-rencontres-du-court-metrage\/\">Image&rsquo;in<\/a>\uff5c<br \/>\n\uff5c<strong>X<\/strong>\uff5c<a href=\"https:\/\/x.com\/i\/flow\/login?redirect_after_login=%2Ffsofrance\">Image&rsquo;in<\/a>\uff5c<\/p>\n<div id=\"mailtorapidetoModal\" style=\"z-index: 20002;\">\n<div id=\"mailtorapidetoContentPopupModal\">\n<p>&nbsp;<\/p>\n<\/div>\n<\/div>\n<div>\n<p>&nbsp;<\/p>\n<\/div>\n","protected":false},"excerpt":{"rendered":"<p>Pour sa 43e \u00e9dition, les Rencontres du court m\u00e9trage pr\u00e9sente une programmation vari\u00e9e de court m\u00e9trage avec des \u00e9changes entre le public et les r\u00e9alisateur.rices. Les rencontres proposent des rencontres [&hellip;]<\/p>\n","protected":false},"author":1,"featured_media":11496,"template":"","meta":{"site-sidebar-layout":"default","site-content-layout":"default","ast-site-content-layout":"default","site-content-style":"default","site-sidebar-style":"default","ast-global-header-display":"","ast-banner-title-visibility":"","ast-main-header-display":"","ast-hfb-above-header-display":"","ast-hfb-below-header-display":"","ast-hfb-mobile-header-display":"","site-post-title":"","ast-breadcrumbs-content":"","ast-featured-img":"","footer-sml-layout":"","ast-disable-related-posts":"","theme-transparent-header-meta":"default","adv-header-id-meta":"","stick-header-meta":"","header-above-stick-meta":"","header-main-stick-meta":"","header-below-stick-meta":"","astra-migrate-meta-layouts":"set","ast-page-background-enabled":"default","ast-page-background-meta":{"desktop":{"background-color":"var(--ast-global-color-4)","background-image":"","background-repeat":"repeat","background-position":"center center","background-size":"auto","background-attachment":"scroll","background-type":"","background-media":"","overlay-type":"","overlay-color":"","overlay-opacity":"","overlay-gradient":""},"tablet":{"background-color":"","background-image":"","background-repeat":"repeat","background-position":"center center","background-size":"auto","background-attachment":"scroll","background-type":"","background-media":"","overlay-type":"","overlay-color":"","overlay-opacity":"","overlay-gradient":""},"mobile":{"background-color":"","background-image":"","background-repeat":"repeat","background-position":"center center","background-size":"auto","background-attachment":"scroll","background-type":"","background-media":"","overlay-type":"","overlay-color":"","overlay-opacity":"","overlay-gradient":""}},"ast-content-background-meta":{"desktop":{"background-color":"var(--ast-global-color-5)","background-image":"","background-repeat":"repeat","background-position":"center center","background-size":"auto","background-attachment":"scroll","background-type":"","background-media":"","overlay-type":"","overlay-color":"","overlay-opacity":"","overlay-gradient":""},"tablet":{"background-color":"var(--ast-global-color-5)","background-image":"","background-repeat":"repeat","background-position":"center center","background-size":"auto","background-attachment":"scroll","background-type":"","background-media":"","overlay-type":"","overlay-color":"","overlay-opacity":"","overlay-gradient":""},"mobile":{"background-color":"var(--ast-global-color-5)","background-image":"","background-repeat":"repeat","background-position":"center center","background-size":"auto","background-attachment":"scroll","background-type":"","background-media":"","overlay-type":"","overlay-color":"","overlay-opacity":"","overlay-gradient":""}},"_EventAllDay":false,"_EventTimezone":"","_EventStartDate":"","_EventEndDate":"","_EventStartDateUTC":"","_EventEndDateUTC":"","_EventShowMap":false,"_EventShowMapLink":false,"_EventURL":"","_EventCost":"","_EventCostDescription":"","_EventCurrencySymbol":"","_EventCurrencyCode":"","_EventCurrencyPosition":"","_EventDateTimeSeparator":"","_EventTimeRangeSeparator":"","_EventOrganizerID":[],"_EventVenueID":[],"_OrganizerEmail":"","_OrganizerPhone":"","_OrganizerWebsite":"","_VenueAddress":"","_VenueCity":"","_VenueCountry":"","_VenueProvince":"","_VenueState":"","_VenueZip":"","_VenuePhone":"","_VenueURL":"","_VenueStateProvince":"","_VenueLat":"","_VenueLng":"","_VenueShowMap":false,"_VenueShowMapLink":false},"tags":[],"mec_category":[34,15],"class_list":["post-152","mec-events","type-mec-events","status-publish","has-post-thumbnail","hentry","mec_category-agenda-des-festivals","mec_category-les-pyrenees-orientales-66"],"_links":{"self":[{"href":"https:\/\/www.agendadesfestivals.occitanie-films.fr\/index.php\/wp-json\/wp\/v2\/mec-events\/152","targetHints":{"allow":["GET"]}}],"collection":[{"href":"https:\/\/www.agendadesfestivals.occitanie-films.fr\/index.php\/wp-json\/wp\/v2\/mec-events"}],"about":[{"href":"https:\/\/www.agendadesfestivals.occitanie-films.fr\/index.php\/wp-json\/wp\/v2\/types\/mec-events"}],"author":[{"embeddable":true,"href":"https:\/\/www.agendadesfestivals.occitanie-films.fr\/index.php\/wp-json\/wp\/v2\/users\/1"}],"wp:featuredmedia":[{"embeddable":true,"href":"https:\/\/www.agendadesfestivals.occitanie-films.fr\/index.php\/wp-json\/wp\/v2\/media\/11496"}],"wp:attachment":[{"href":"https:\/\/www.agendadesfestivals.occitanie-films.fr\/index.php\/wp-json\/wp\/v2\/media?parent=152"}],"wp:term":[{"taxonomy":"post_tag","embeddable":true,"href":"https:\/\/www.agendadesfestivals.occitanie-films.fr\/index.php\/wp-json\/wp\/v2\/tags?post=152"},{"taxonomy":"mec_category","embeddable":true,"href":"https:\/\/www.agendadesfestivals.occitanie-films.fr\/index.php\/wp-json\/wp\/v2\/mec_category?post=152"}],"curies":[{"name":"wp","href":"https:\/\/api.w.org\/{rel}","templated":true}]}}

<p>Pour sa 43e édition, les Rencontres du court métrage présente une programmation variée de <strong>court métrage</strong> avec des échanges entre le public et les réalisateur.rices. Les rencontres proposent des rencontres avec les membres du jury, vernissage des expositions et des ateliers d&rsquo;éducation à l&rsquo;image pour les 3-12ans.</p>
<p>Les rencontres se dérouleront du <strong>20 au 23 mars 2025 à Cabestany. </strong></p>
<p>｜<strong>Site internet</strong>｜<a href="https://imageincabestany.org/les-rencontres-du-court-metrage/">Image&rsquo;in</a>｜<br />
｜<strong>Programme</strong>｜<a href="https://imageincabestany.org/wp-content/uploads/2024/02/programme-42es-rencontres-du-court-metrage-image-in-cabestany-copie-8.pdf">43e édition</a>｜<br />
｜<strong>Facebook</strong>｜<a href="https://imageincabestany.org/les-rencontres-du-court-metrage/">Image&rsquo;in</a>｜</p>
<p>｜<strong>Instagram</strong>｜<a href="https://imageincabestany.org/les-rencontres-du-court-metrage/">Image&rsquo;in</a>｜<br />
｜<strong>X</strong>｜<a href="https://x.com/i/flow/login?redirect_after_login=%2Ffsofrance">Image&rsquo;in</a>｜</p>
<div id="mailtorapidetoModal" style="z-index: 20002;">
<div id="mailtorapidetoContentPopupModal">
<p>&nbsp;</p>
</div>
</div>
<div>
<p>&nbsp;</p>
</div>

<p>Pour sa 43e édition, les Rencontres du court métrage présente une programmation variée de court métrage avec des échanges entre le public et les réalisateur.rices. Les rencontres proposent des rencontres [&hellip;]</p>
