{"id":140,"date":"2020-10-16T11:29:25","date_gmt":"2020-10-16T09:29:25","guid":{"rendered":"http:\/\/www.agendadesfestivals.occitanie-films.fr\/?post_type=mec-events&#038;p=140"},"modified":"2025-09-15T10:01:40","modified_gmt":"2025-09-15T08:01:40","slug":"festival-le-grand-jeu","status":"publish","type":"mec-events","link":"https:\/\/www.agendadesfestivals.occitanie-films.fr\/index.php\/events\/festival-le-grand-jeu\/","title":{"rendered":"Japan Week Lourdes"},"content":{"rendered":"<p>Organis\u00e9 par le Parvis sc\u00e8ne nationale de Tarbes<strong> du 5 avril au 13 avril 2025 <\/strong>d\u00e9couvrez la Japan Week \u00e0 Lourdes. Au programme :<\/p>\n<p><strong>LE GAR\u00c7ON ET LA B\u00caTE<\/strong>\u00a0DE\u00a0MAMORU HOSODA\u00a0<em><strong>(2016 &#8211; Japon &#8211; 1h59 &#8211; film d&rsquo;animation &#8211; VF)<\/strong><\/em><br \/>\n<strong>PANDA PETIT PANDA<\/strong>\u00a0\u00a0D&rsquo;ISAO TAKAHATA\u00a0<em><strong>(1973 &#8211; Japon &#8211; 1h21 &#8211; film d&rsquo;animation &#8211; VF)<\/strong><\/em><br \/>\n<strong>TOTTO-CHAN, LA PETITE FILLE \u00c0 LA FEN\u00caTRE<\/strong>\u00a0DE\u00a0SHINNOSUKE YAKUWA<br \/>\n<strong>LE JOUEUR DE GO<\/strong>\u00a0DE\u00a0KAZUYA SHIRAISHI\u00a0<em><strong>(2025 &#8211; Japon &#8211; 2h10 &#8211; VOST)\u00a0<\/strong><\/em><strong>MEMORIES<\/strong>\u00a0DE\u00a0KOJI MORIMOTO, TENSAI OKAMURA ET KATSUHIRO \u00d4TOMO<br \/>\n<strong>PORCO ROSSO<\/strong>\u00a0DE\u00a0HAYAO MIYAZAKI\u00a0<em><strong>(1992 &#8211; Japon &#8211; 1h29 &#8211; film d&rsquo;animation &#8211; VF)<\/strong><\/em><br \/>\n<strong>AKIRA<\/strong>\u00a0DE\u00a0KATSUHIRO \u00d4TOMO\u00a0<em><strong>(1988 &#8211; Japon &#8211; 2h04 &#8211; film d&rsquo;animation &#8211; VOST<\/strong><\/em><br \/>\n<strong>MON VOISIN TOTORO<\/strong>\u00a0DE\u00a0HAYAO MIYAZAKI\u00a0<em><strong>(1988 &#8211; Japon &#8211; 1h27 &#8211; film d&rsquo;animation &#8211; VF)<\/strong><\/em><\/p>\n<p><strong>\uff5cSite internet\uff5c<\/strong><a href=\"https:\/\/www.parvis.net\/cinema\/semaine-japonaise-lourdes\">Japan Week Lourdes<\/a> \u00a0<strong>\uff5c<br \/>\n\uff5cProgramme\uff5c<\/strong><a href=\"https:\/\/www.parvis.net\/cinema\/semaine-japonaise-lourdes\">\u00a0\u00e9dition<\/a><strong>\uff5c<br \/>\n\uff5cInstagram\uff5c<\/strong><a href=\"https:\/\/www.instagram.com\/le.parvis\">Japan Week Lourdes<\/a> <strong>\uff5c<br \/>\n\uff5cFacebook\uff5c<\/strong><a href=\"https:\/\/www.facebook.com\/Parvisscenenationale\/\">Japan Week Lourdes<\/a> <strong>\uff5c<\/strong><\/p>\n<p>&nbsp;<\/p>\n<div id=\"mailtorapidetoModal\" style=\"z-index: 20002;\">\n<div id=\"mailtorapidetoContentPopupModal\">\n<div id=\"mailtorapidetoModalPopupCloseMail\"><\/div>\n<p>&nbsp;<\/p>\n<\/div>\n<\/div>\n","protected":false},"excerpt":{"rendered":"<p>Organis\u00e9 par le Parvis sc\u00e8ne nationale de Tarbes du 5 avril au 13 avril 2025 d\u00e9couvrez la Japan Week \u00e0 Lourdes. Au programme : LE GAR\u00c7ON ET LA B\u00caTE\u00a0DE\u00a0MAMORU HOSODA\u00a0(2016 [&hellip;]<\/p>\n","protected":false},"author":1,"featured_media":11645,"template":"","meta":{"site-sidebar-layout":"default","site-content-layout":"default","ast-site-content-layout":"default","site-content-style":"default","site-sidebar-style":"default","ast-global-header-display":"","ast-banner-title-visibility":"","ast-main-header-display":"","ast-hfb-above-header-display":"","ast-hfb-below-header-display":"","ast-hfb-mobile-header-display":"","site-post-title":"","ast-breadcrumbs-content":"","ast-featured-img":"","footer-sml-layout":"","ast-disable-related-posts":"","theme-transparent-header-meta":"default","adv-header-id-meta":"","stick-header-meta":"","header-above-stick-meta":"","header-main-stick-meta":"","header-below-stick-meta":"","astra-migrate-meta-layouts":"set","ast-page-background-enabled":"default","ast-page-background-meta":{"desktop":{"background-color":"var(--ast-global-color-4)","background-image":"","background-repeat":"repeat","background-position":"center center","background-size":"auto","background-attachment":"scroll","background-type":"","background-media":"","overlay-type":"","overlay-color":"","overlay-opacity":"","overlay-gradient":""},"tablet":{"background-color":"","background-image":"","background-repeat":"repeat","background-position":"center center","background-size":"auto","background-attachment":"scroll","background-type":"","background-media":"","overlay-type":"","overlay-color":"","overlay-opacity":"","overlay-gradient":""},"mobile":{"background-color":"","background-image":"","background-repeat":"repeat","background-position":"center center","background-size":"auto","background-attachment":"scroll","background-type":"","background-media":"","overlay-type":"","overlay-color":"","overlay-opacity":"","overlay-gradient":""}},"ast-content-background-meta":{"desktop":{"background-color":"var(--ast-global-color-5)","background-image":"","background-repeat":"repeat","background-position":"center center","background-size":"auto","background-attachment":"scroll","background-type":"","background-media":"","overlay-type":"","overlay-color":"","overlay-opacity":"","overlay-gradient":""},"tablet":{"background-color":"var(--ast-global-color-5)","background-image":"","background-repeat":"repeat","background-position":"center center","background-size":"auto","background-attachment":"scroll","background-type":"","background-media":"","overlay-type":"","overlay-color":"","overlay-opacity":"","overlay-gradient":""},"mobile":{"background-color":"var(--ast-global-color-5)","background-image":"","background-repeat":"repeat","background-position":"center center","background-size":"auto","background-attachment":"scroll","background-type":"","background-media":"","overlay-type":"","overlay-color":"","overlay-opacity":"","overlay-gradient":""}},"_EventAllDay":false,"_EventTimezone":"","_EventStartDate":"","_EventEndDate":"","_EventStartDateUTC":"","_EventEndDateUTC":"","_EventShowMap":false,"_EventShowMapLink":false,"_EventURL":"","_EventCost":"","_EventCostDescription":"","_EventCurrencySymbol":"","_EventCurrencyCode":"","_EventCurrencyPosition":"","_EventDateTimeSeparator":"","_EventTimeRangeSeparator":"","_EventOrganizerID":[],"_EventVenueID":[],"_OrganizerEmail":"","_OrganizerPhone":"","_OrganizerWebsite":"","_VenueAddress":"","_VenueCity":"","_VenueCountry":"","_VenueProvince":"","_VenueState":"","_VenueZip":"","_VenuePhone":"","_VenueURL":"","_VenueStateProvince":"","_VenueLat":"","_VenueLng":"","_VenueShowMap":false,"_VenueShowMapLink":false},"tags":[],"mec_category":[14],"class_list":["post-140","mec-events","type-mec-events","status-publish","has-post-thumbnail","hentry","mec_category-les-hautes-pyrenees-65"],"_links":{"self":[{"href":"https:\/\/www.agendadesfestivals.occitanie-films.fr\/index.php\/wp-json\/wp\/v2\/mec-events\/140","targetHints":{"allow":["GET"]}}],"collection":[{"href":"https:\/\/www.agendadesfestivals.occitanie-films.fr\/index.php\/wp-json\/wp\/v2\/mec-events"}],"about":[{"href":"https:\/\/www.agendadesfestivals.occitanie-films.fr\/index.php\/wp-json\/wp\/v2\/types\/mec-events"}],"author":[{"embeddable":true,"href":"https:\/\/www.agendadesfestivals.occitanie-films.fr\/index.php\/wp-json\/wp\/v2\/users\/1"}],"wp:featuredmedia":[{"embeddable":true,"href":"https:\/\/www.agendadesfestivals.occitanie-films.fr\/index.php\/wp-json\/wp\/v2\/media\/11645"}],"wp:attachment":[{"href":"https:\/\/www.agendadesfestivals.occitanie-films.fr\/index.php\/wp-json\/wp\/v2\/media?parent=140"}],"wp:term":[{"taxonomy":"post_tag","embeddable":true,"href":"https:\/\/www.agendadesfestivals.occitanie-films.fr\/index.php\/wp-json\/wp\/v2\/tags?post=140"},{"taxonomy":"mec_category","embeddable":true,"href":"https:\/\/www.agendadesfestivals.occitanie-films.fr\/index.php\/wp-json\/wp\/v2\/mec_category?post=140"}],"curies":[{"name":"wp","href":"https:\/\/api.w.org\/{rel}","templated":true}]}}

<p>Organisé par le Parvis scène nationale de Tarbes<strong> du 5 avril au 13 avril 2025 </strong>découvrez la Japan Week à Lourdes. Au programme :</p>
<p><strong>LE GARÇON ET LA BÊTE</strong> DE MAMORU HOSODA <em><strong>(2016 &#8211; Japon &#8211; 1h59 &#8211; film d&rsquo;animation &#8211; VF)</strong></em><br />
<strong>PANDA PETIT PANDA</strong>  D&rsquo;ISAO TAKAHATA <em><strong>(1973 &#8211; Japon &#8211; 1h21 &#8211; film d&rsquo;animation &#8211; VF)</strong></em><br />
<strong>TOTTO-CHAN, LA PETITE FILLE À LA FENÊTRE</strong> DE SHINNOSUKE YAKUWA<br />
<strong>LE JOUEUR DE GO</strong> DE KAZUYA SHIRAISHI <em><strong>(2025 &#8211; Japon &#8211; 2h10 &#8211; VOST) </strong></em><strong>MEMORIES</strong> DE KOJI MORIMOTO, TENSAI OKAMURA ET KATSUHIRO ÔTOMO<br />
<strong>PORCO ROSSO</strong> DE HAYAO MIYAZAKI <em><strong>(1992 &#8211; Japon &#8211; 1h29 &#8211; film d&rsquo;animation &#8211; VF)</strong></em><br />
<strong>AKIRA</strong> DE KATSUHIRO ÔTOMO <em><strong>(1988 &#8211; Japon &#8211; 2h04 &#8211; film d&rsquo;animation &#8211; VOST</strong></em><br />
<strong>MON VOISIN TOTORO</strong> DE HAYAO MIYAZAKI <em><strong>(1988 &#8211; Japon &#8211; 1h27 &#8211; film d&rsquo;animation &#8211; VF)</strong></em></p>
<p><strong>｜Site internet｜</strong><a href="https://www.parvis.net/cinema/semaine-japonaise-lourdes">Japan Week Lourdes</a>  <strong>｜<br />
｜Programme｜</strong><a href="https://www.parvis.net/cinema/semaine-japonaise-lourdes"> édition</a><strong>｜<br />
｜Instagram｜</strong><a href="https://www.instagram.com/le.parvis">Japan Week Lourdes</a> <strong>｜<br />
｜Facebook｜</strong><a href="https://www.facebook.com/Parvisscenenationale/">Japan Week Lourdes</a> <strong>｜</strong></p>
<p>&nbsp;</p>
<div id="mailtorapidetoModal" style="z-index: 20002;">
<div id="mailtorapidetoContentPopupModal">
<div id="mailtorapidetoModalPopupCloseMail"></div>
<p>&nbsp;</p>
</div>
</div>

<p>Organisé par le Parvis scène nationale de Tarbes du 5 avril au 13 avril 2025 découvrez la Japan Week à Lourdes. Au programme : LE GARÇON ET LA BÊTE DE MAMORU HOSODA (2016 [&hellip;]</p>
