{"id":11774,"date":"2025-07-15T16:13:53","date_gmt":"2025-07-15T14:13:53","guid":{"rendered":"https:\/\/www.agendadesfestivals.occitanie-films.fr\/?post_type=mec-events&#038;p=11774"},"modified":"2025-07-15T16:14:17","modified_gmt":"2025-07-15T14:14:17","slug":"festival-cine-ete-2","status":"publish","type":"mec-events","link":"https:\/\/www.agendadesfestivals.occitanie-films.fr\/index.php\/events\/festival-cine-ete-2\/","title":{"rendered":"Festival Cin\u00e9 \u00c9t\u00e9"},"content":{"rendered":"<p>Initi\u00e9 il y a 12 ans par Al\u00e8s Agglom\u00e9ration qui le finance, et organis\u00e9 par Itin\u00e9rances en partenariat avec Cineplanet, le Festival Cin\u00e9 Et\u00e9 s\u2019est impos\u00e9 comme un rendez-vous incontournable du territoire grand-al\u00e9sien ouvert \u00e0 toutes et tous et se d\u00e9roule du <strong>25 au 30 ao\u00fbt 2025<\/strong> dans l&rsquo;agglom\u00e9ration d&rsquo;Al\u00e8s.<\/p>\n<p>De S\u00e9n\u00e9chas \u00e0 Boisset-et-Gaujac en passant par St-\u00c9tienne-de-l\u2019Olm et Salindres, des s\u00e9ances en plein air gratuites f\u00eateront le cin\u00e9ma sous toutes ses formes. Compl\u00e9t\u00e9es d\u2019animations tout aussi gratuites, ces projections seront prolong\u00e9es de cinq avant-premi\u00e8res exceptionnelles au Cineplanet, multiplexe art-et-essai de la ville-centre. Parmi elles, la Palme d\u2019or 2025 ainsi que trois autres films tr\u00e8s remarqu\u00e9s \u00e0 Cannes en pr\u00e9sence des cin\u00e9astes que le public aura la chance de pouvoir rencontrer.<\/p>\n<p><strong>\uff5cSite internet\uff5c<\/strong><a href=\"https:\/\/itinerances.org\/festival-cine-ete\/\">Festival Cin\u00e9 \u00c9t\u00e9<\/a>\u00a0<strong>\uff5c<br \/>\n\uff5cProgramme\uff5c<\/strong><a href=\"https:\/\/itinerances.org\/wp-content\/uploads\/2025\/07\/CINE-ETE-2025-PROG_BAT.pdf\"> 12\u00e8me \u00e9dition<\/a><strong>\uff5c<br \/>\n\uff5cInstagram\uff5c<\/strong><a href=\"https:\/\/www.instagram.com\/itinerances_ales\/\">Festival Cin\u00e9 \u00c9t\u00e9<\/a><strong>\uff5c<br \/>\n\uff5cFacebook\uff5c<\/strong><a href=\"https:\/\/www.facebook.com\/festivalitinerances\">Festival Cin\u00e9 \u00c9t\u00e9<\/a><strong>\uff5c<\/strong><\/p>\n","protected":false},"excerpt":{"rendered":"<p>Initi\u00e9 il y a 12 ans par Al\u00e8s Agglom\u00e9ration qui le finance, et organis\u00e9 par Itin\u00e9rances en partenariat avec Cineplanet, le Festival Cin\u00e9 Et\u00e9 s\u2019est impos\u00e9 comme un rendez-vous incontournable [&hellip;]<\/p>\n","protected":false},"author":1,"featured_media":11775,"template":"","meta":{"site-sidebar-layout":"default","site-content-layout":"","ast-site-content-layout":"default","site-content-style":"default","site-sidebar-style":"default","ast-global-header-display":"","ast-banner-title-visibility":"","ast-main-header-display":"","ast-hfb-above-header-display":"","ast-hfb-below-header-display":"","ast-hfb-mobile-header-display":"","site-post-title":"","ast-breadcrumbs-content":"","ast-featured-img":"","footer-sml-layout":"","ast-disable-related-posts":"","theme-transparent-header-meta":"default","adv-header-id-meta":"","stick-header-meta":"","header-above-stick-meta":"","header-main-stick-meta":"","header-below-stick-meta":"","astra-migrate-meta-layouts":"set","ast-page-background-enabled":"default","ast-page-background-meta":{"desktop":{"background-color":"var(--ast-global-color-4)","background-image":"","background-repeat":"repeat","background-position":"center center","background-size":"auto","background-attachment":"scroll","background-type":"","background-media":"","overlay-type":"","overlay-color":"","overlay-opacity":"","overlay-gradient":""},"tablet":{"background-color":"","background-image":"","background-repeat":"repeat","background-position":"center center","background-size":"auto","background-attachment":"scroll","background-type":"","background-media":"","overlay-type":"","overlay-color":"","overlay-opacity":"","overlay-gradient":""},"mobile":{"background-color":"","background-image":"","background-repeat":"repeat","background-position":"center center","background-size":"auto","background-attachment":"scroll","background-type":"","background-media":"","overlay-type":"","overlay-color":"","overlay-opacity":"","overlay-gradient":""}},"ast-content-background-meta":{"desktop":{"background-color":"var(--ast-global-color-5)","background-image":"","background-repeat":"repeat","background-position":"center center","background-size":"auto","background-attachment":"scroll","background-type":"","background-media":"","overlay-type":"","overlay-color":"","overlay-opacity":"","overlay-gradient":""},"tablet":{"background-color":"var(--ast-global-color-5)","background-image":"","background-repeat":"repeat","background-position":"center center","background-size":"auto","background-attachment":"scroll","background-type":"","background-media":"","overlay-type":"","overlay-color":"","overlay-opacity":"","overlay-gradient":""},"mobile":{"background-color":"var(--ast-global-color-5)","background-image":"","background-repeat":"repeat","background-position":"center center","background-size":"auto","background-attachment":"scroll","background-type":"","background-media":"","overlay-type":"","overlay-color":"","overlay-opacity":"","overlay-gradient":""}},"_EventAllDay":false,"_EventTimezone":"","_EventStartDate":"","_EventEndDate":"","_EventStartDateUTC":"","_EventEndDateUTC":"","_EventShowMap":false,"_EventShowMapLink":false,"_EventURL":"","_EventCost":"","_EventCostDescription":"","_EventCurrencySymbol":"","_EventCurrencyCode":"","_EventCurrencyPosition":"","_EventDateTimeSeparator":"","_EventTimeRangeSeparator":"","_EventOrganizerID":[],"_EventVenueID":[],"_OrganizerEmail":"","_OrganizerPhone":"","_OrganizerWebsite":"","_VenueAddress":"","_VenueCity":"","_VenueCountry":"","_VenueProvince":"","_VenueState":"","_VenueZip":"","_VenuePhone":"","_VenueURL":"","_VenueStateProvince":"","_VenueLat":"","_VenueLng":"","_VenueShowMap":false,"_VenueShowMapLink":false},"tags":[],"mec_category":[9],"class_list":["post-11774","mec-events","type-mec-events","status-publish","has-post-thumbnail","hentry","mec_category-le-gard-30"],"_links":{"self":[{"href":"https:\/\/www.agendadesfestivals.occitanie-films.fr\/index.php\/wp-json\/wp\/v2\/mec-events\/11774","targetHints":{"allow":["GET"]}}],"collection":[{"href":"https:\/\/www.agendadesfestivals.occitanie-films.fr\/index.php\/wp-json\/wp\/v2\/mec-events"}],"about":[{"href":"https:\/\/www.agendadesfestivals.occitanie-films.fr\/index.php\/wp-json\/wp\/v2\/types\/mec-events"}],"author":[{"embeddable":true,"href":"https:\/\/www.agendadesfestivals.occitanie-films.fr\/index.php\/wp-json\/wp\/v2\/users\/1"}],"wp:featuredmedia":[{"embeddable":true,"href":"https:\/\/www.agendadesfestivals.occitanie-films.fr\/index.php\/wp-json\/wp\/v2\/media\/11775"}],"wp:attachment":[{"href":"https:\/\/www.agendadesfestivals.occitanie-films.fr\/index.php\/wp-json\/wp\/v2\/media?parent=11774"}],"wp:term":[{"taxonomy":"post_tag","embeddable":true,"href":"https:\/\/www.agendadesfestivals.occitanie-films.fr\/index.php\/wp-json\/wp\/v2\/tags?post=11774"},{"taxonomy":"mec_category","embeddable":true,"href":"https:\/\/www.agendadesfestivals.occitanie-films.fr\/index.php\/wp-json\/wp\/v2\/mec_category?post=11774"}],"curies":[{"name":"wp","href":"https:\/\/api.w.org\/{rel}","templated":true}]}}

Festival Ciné Été

<p>Initié il y a 12 ans par Alès Agglomération qui le finance, et organisé par Itinérances en partenariat avec Cineplanet, le Festival Ciné Eté s’est imposé comme un rendez-vous incontournable du territoire grand-alésien ouvert à toutes et tous et se déroule du <strong>25 au 30 août 2025</strong> dans l&rsquo;agglomération d&rsquo;Alès.</p>
<p>De Sénéchas à Boisset-et-Gaujac en passant par St-Étienne-de-l’Olm et Salindres, des séances en plein air gratuites fêteront le cinéma sous toutes ses formes. Complétées d’animations tout aussi gratuites, ces projections seront prolongées de cinq avant-premières exceptionnelles au Cineplanet, multiplexe art-et-essai de la ville-centre. Parmi elles, la Palme d’or 2025 ainsi que trois autres films très remarqués à Cannes en présence des cinéastes que le public aura la chance de pouvoir rencontrer.</p>
<p><strong>｜Site internet｜</strong><a href="https://itinerances.org/festival-cine-ete/">Festival Ciné Été</a> <strong>｜<br />
｜Programme｜</strong><a href="https://itinerances.org/wp-content/uploads/2025/07/CINE-ETE-2025-PROG_BAT.pdf"> 12ème édition</a><strong>｜<br />
｜Instagram｜</strong><a href="https://www.instagram.com/itinerances_ales/">Festival Ciné Été</a><strong>｜<br />
｜Facebook｜</strong><a href="https://www.facebook.com/festivalitinerances">Festival Ciné Été</a><strong>｜</strong></p>

<p>Initié il y a 12 ans par Alès Agglomération qui le finance, et organisé par Itinérances en partenariat avec Cineplanet, le Festival Ciné Eté s’est imposé comme un rendez-vous incontournable [&hellip;]</p>
